{"id":31,"date":"2018-05-25T09:19:28","date_gmt":"2018-05-25T08:19:28","guid":{"rendered":"https:\/\/research.reading.ac.uk\/castle-geoarchaeology-heritage\/?page_id=31"},"modified":"2021-02-05T12:11:56","modified_gmt":"2021-02-05T12:11:56","slug":"related-publications","status":"publish","type":"page","link":"https:\/\/research.reading.ac.uk\/castle-geoarchaeology-heritage\/our-research\/related-publications\/","title":{"rendered":"Related Publications"},"content":{"rendered":"<h2>Further information about the geoarchaeology research on our castle sites can be found in our publications:<\/h2>\n<p>Banerjea, R.Y. (2019) Settlement life in Prussia at the microscopic scale and the impact on their hinterlands. In A. Pluskowski (ed) <em>Environment, Colonisation and the Baltic Crusader States in medieval Prussia and Livonia. Terra Sacra I.<\/em> Brepols. ISBN: 978-2-503-55132-6<\/p>\n<p>Banerjea, R.Y., Badura, M. (2019) Settlement life in Livonia and the impact on their hinterlands: the geoarchaeological and archaeobotanical evidence. In A. Pluskowski (ed)<em> Environment, Colonisation and the Baltic Crusader states in medieval Prussia and Livonia. Terra Sacra I\u00a0.<\/em> Brepols. ISBN: 978-2-503-55132-6<\/p>\n<p>Banerjea, R.Y., Badura, M., Brown, A., Morandi, L., Marcinkowski, M., Valk, H., Ismail-Meyer, K., Pluskowski, A. (2020) Feeding the Crusades: archaeobotany, animal husbandry and alimentation activities on the Baltic frontier. <em>Environmental Archaeology<\/em> 25 (2), 135-150\u00a0 <a href=\"https:\/\/www.tandfonline.com\/doi\/full\/10.1080\/14614103.2019.1589924\">https:\/\/www.tandfonline.com\/doi\/full\/10.1080\/14614103.2019.1589924\u00a0<\/a><\/p>\n<p><span class=\"authors\">Banerjea, R. Y., Garc\u00eda-Contreras Ruiz, G., Kalni\u0146\u0161, G., Karczewski, M., Pluskowski, A., Valk, H. &amp; Brown, A. D.<\/span>\u00a0<span class=\"date\">(2021)<\/span>\u00a0<span class=\"art_title\">Geoarchaeology and Castlescapes: Heritage Management Case Studies in Spain and the Eastern Baltic,<\/span>\u00a0<span class=\"serial_title\"><em>Landscapes\u00a0<\/em>20 (2)<\/span> <span class=\"doi_link\"><a href=\"https:\/\/doi.org\/10.1080\/14662035.2020.1861716\">10.1080\/14662035.2020.1861716<\/a><\/span><\/p>\n<p>Borderie, Q., Ball, T., Banerjea, R., Vaughan-Williams, A., Save, S., Lejault, C., Bizri, M. (2020) Early Middle Ages houses of Gien (France) from the inside: geoarchaeology and archaeobotany of 9th-11th c. floors. <em>Environmental Archaeology <\/em>25 (2), 151-169\u00a0 <a href=\"https:\/\/doi.org\/10.1080\/14614103.2018.1534716\">https:\/\/doi.org\/10.1080\/14614103.2018.1534716<\/a><\/p>\n<p>Colenberg, J. (2016) A micromorphological analysis of the cultural layers beneath castle Keverberg, Limburg, the Netherlands. (Unpublished thesis).\u200b<\/p>\n<p>Garc\u00eda-Contreras Ruiz, G., Banerjea, R., Brown, A.D., and Pluskowski, A.G. (2016) Molina de Arag\u00f3n: Archaeological investigations of environmental change in the frontiers of medieval Iberia. <em>Antiquity<\/em>,\u00a090\/349\u200b <a href=\"http:\/\/antiquity.ac.uk\/projgall\/ruiz349\">http:\/\/antiquity.ac.uk\/projgall\/ruiz349<\/a><\/p>\n<p>Pluskowski, A., Seetah, K., Maltby, M., Banerjea, R., Black, S. and Kalnins, G. (2018) Late-medieval horse remains at C\u0113sis castle, Latvia, and the Teutonic Order\u2019s equestrian resources in Livonia. <em>Medieval Archaeology<\/em>, 62 (2). pp. 351-379. <a href=\"https:\/\/doi.org\/10.1080\/00766097.2018.1535385\">https:\/\/doi.org\/10.1080\/00766097.2018.1535385<\/a><\/p>\n","protected":false},"excerpt":{"rendered":"<p>Further information about the geoarchaeology research on our castle sites can be found in our publications: Banerjea, R.Y. (2019) Settlement life in Prussia at the microscopic scale and the impact&#8230;<a class=\"read-more\" href=\"&#104;&#116;&#116;&#112;&#115;&#58;&#47;&#47;&#114;&#101;&#115;&#101;&#97;&#114;&#99;&#104;&#46;&#114;&#101;&#97;&#100;&#105;&#110;&#103;&#46;&#97;&#99;&#46;&#117;&#107;&#47;&#99;&#97;&#115;&#116;&#108;&#101;&#45;&#103;&#101;&#111;&#97;&#114;&#99;&#104;&#97;&#101;&#111;&#108;&#111;&#103;&#121;&#45;&#104;&#101;&#114;&#105;&#116;&#97;&#103;&#101;&#47;&#111;&#117;&#114;&#45;&#114;&#101;&#115;&#101;&#97;&#114;&#99;&#104;&#47;&#114;&#101;&#108;&#97;&#116;&#101;&#100;&#45;&#112;&#117;&#98;&#108;&#105;&#99;&#97;&#116;&#105;&#111;&#110;&#115;&#47;\">Read More ><\/a><\/p>\n","protected":false},"author":219,"featured_media":55,"parent":23,"menu_order":0,"comment_status":"closed","ping_status":"closed","template":"","meta":{"_acf_changed":false,"_monsterinsights_skip_tracking":false,"_monsterinsights_sitenote_active":false,"_monsterinsights_sitenote_note":"","_monsterinsights_sitenote_category":0,"__cvm_playback_settings":[],"__cvm_video_id":"","footnotes":""},"class_list":["post-31","page","type-page","status-publish","has-post-thumbnail","hentry"],"acf":[],"yoast_head":"<!-- This site is optimized with the Yoast SEO plugin v21.8.1 - https:\/\/yoast.com\/wordpress\/plugins\/seo\/ -->\n<title>Related Publications - All along the watchtowers!<\/title>\n<meta name=\"robots\" content=\"index, follow, max-snippet:-1, max-image-preview:large, max-video-preview:-1\" \/>\n<link rel=\"canonical\" href=\"https:\/\/research.reading.ac.uk\/castle-geoarchaeology-heritage\/our-research\/related-publications\/\" \/>\n<meta property=\"og:locale\" content=\"en_GB\" \/>\n<meta property=\"og:type\" content=\"article\" \/>\n<meta property=\"og:title\" content=\"Related Publications - All along the watchtowers!\" \/>\n<meta property=\"og:description\" content=\"Further information about the geoarchaeology research on our castle sites can be found in our publications: Banerjea, R.Y. (2019) Settlement life in Prussia at the microscopic scale and the impact...Read More &gt;\" \/>\n<meta property=\"og:url\" content=\"https:\/\/research.reading.ac.uk\/castle-geoarchaeology-heritage\/our-research\/related-publications\/\" \/>\n<meta property=\"og:site_name\" content=\"All along the watchtowers!\" \/>\n<meta property=\"article:modified_time\" content=\"2021-02-05T12:11:56+00:00\" \/>\n<meta property=\"og:image\" content=\"https:\/\/research.reading.ac.uk\/castle-geoarchaeology-heritage\/wp-content\/uploads\/sites\/90\/pictures\/pencil.png\" \/>\n\t<meta property=\"og:image:width\" content=\"128\" \/>\n\t<meta property=\"og:image:height\" content=\"128\" \/>\n\t<meta property=\"og:image:type\" content=\"image\/png\" \/>\n<meta name=\"twitter:card\" content=\"summary_large_image\" \/>\n<meta name=\"twitter:label1\" content=\"Estimated reading time\" \/>\n\t<meta name=\"twitter:data1\" content=\"2 minutes\" \/>\n<script type=\"application\/ld+json\" class=\"yoast-schema-graph\">{\"@context\":\"https:\/\/schema.org\",\"@graph\":[{\"@type\":\"WebPage\",\"@id\":\"https:\/\/research.reading.ac.uk\/castle-geoarchaeology-heritage\/our-research\/related-publications\/\",\"url\":\"https:\/\/research.reading.ac.uk\/castle-geoarchaeology-heritage\/our-research\/related-publications\/\",\"name\":\"Related Publications - All along the watchtowers!\",\"isPartOf\":{\"@id\":\"https:\/\/research.reading.ac.uk\/castle-geoarchaeology-heritage\/#website\"},\"datePublished\":\"2018-05-25T08:19:28+00:00\",\"dateModified\":\"2021-02-05T12:11:56+00:00\",\"breadcrumb\":{\"@id\":\"https:\/\/research.reading.ac.uk\/castle-geoarchaeology-heritage\/our-research\/related-publications\/#breadcrumb\"},\"inLanguage\":\"en-GB\",\"potentialAction\":[{\"@type\":\"ReadAction\",\"target\":[\"https:\/\/research.reading.ac.uk\/castle-geoarchaeology-heritage\/our-research\/related-publications\/\"]}]},{\"@type\":\"BreadcrumbList\",\"@id\":\"https:\/\/research.reading.ac.uk\/castle-geoarchaeology-heritage\/our-research\/related-publications\/#breadcrumb\",\"itemListElement\":[{\"@type\":\"ListItem\",\"position\":1,\"name\":\"Home\",\"item\":\"https:\/\/research.reading.ac.uk\/castle-geoarchaeology-heritage\/\"},{\"@type\":\"ListItem\",\"position\":2,\"name\":\"Our Research\",\"item\":\"https:\/\/research.reading.ac.uk\/castle-geoarchaeology-heritage\/our-research\/\"},{\"@type\":\"ListItem\",\"position\":3,\"name\":\"Related Publications\"}]},{\"@type\":\"WebSite\",\"@id\":\"https:\/\/research.reading.ac.uk\/castle-geoarchaeology-heritage\/#website\",\"url\":\"https:\/\/research.reading.ac.uk\/castle-geoarchaeology-heritage\/\",\"name\":\"All along the watchtowers!\",\"description\":\"Balancing Heritage Protection, Development, and Scientific Research on Buried Archaeology at European Castles\",\"potentialAction\":[{\"@type\":\"SearchAction\",\"target\":{\"@type\":\"EntryPoint\",\"urlTemplate\":\"https:\/\/research.reading.ac.uk\/castle-geoarchaeology-heritage\/?s={search_term_string}\"},\"query-input\":\"required name=search_term_string\"}],\"inLanguage\":\"en-GB\"}]}<\/script>\n<!-- \/ Yoast SEO plugin. -->","yoast_head_json":{"title":"Related Publications - All along the watchtowers!","robots":{"index":"index","follow":"follow","max-snippet":"max-snippet:-1","max-image-preview":"max-image-preview:large","max-video-preview":"max-video-preview:-1"},"canonical":"https:\/\/research.reading.ac.uk\/castle-geoarchaeology-heritage\/our-research\/related-publications\/","og_locale":"en_GB","og_type":"article","og_title":"Related Publications - All along the watchtowers!","og_description":"Further information about the geoarchaeology research on our castle sites can be found in our publications: Banerjea, R.Y. (2019) Settlement life in Prussia at the microscopic scale and the impact...Read More >","og_url":"https:\/\/research.reading.ac.uk\/castle-geoarchaeology-heritage\/our-research\/related-publications\/","og_site_name":"All along the watchtowers!","article_modified_time":"2021-02-05T12:11:56+00:00","og_image":[{"width":128,"height":128,"url":"https:\/\/research.reading.ac.uk\/castle-geoarchaeology-heritage\/wp-content\/uploads\/sites\/90\/pictures\/pencil.png","type":"image\/png"}],"twitter_card":"summary_large_image","twitter_misc":{"Estimated reading time":"2 minutes"},"schema":{"@context":"https:\/\/schema.org","@graph":[{"@type":"WebPage","@id":"https:\/\/research.reading.ac.uk\/castle-geoarchaeology-heritage\/our-research\/related-publications\/","url":"https:\/\/research.reading.ac.uk\/castle-geoarchaeology-heritage\/our-research\/related-publications\/","name":"Related Publications - All along the watchtowers!","isPartOf":{"@id":"https:\/\/research.reading.ac.uk\/castle-geoarchaeology-heritage\/#website"},"datePublished":"2018-05-25T08:19:28+00:00","dateModified":"2021-02-05T12:11:56+00:00","breadcrumb":{"@id":"https:\/\/research.reading.ac.uk\/castle-geoarchaeology-heritage\/our-research\/related-publications\/#breadcrumb"},"inLanguage":"en-GB","potentialAction":[{"@type":"ReadAction","target":["https:\/\/research.reading.ac.uk\/castle-geoarchaeology-heritage\/our-research\/related-publications\/"]}]},{"@type":"BreadcrumbList","@id":"https:\/\/research.reading.ac.uk\/castle-geoarchaeology-heritage\/our-research\/related-publications\/#breadcrumb","itemListElement":[{"@type":"ListItem","position":1,"name":"Home","item":"https:\/\/research.reading.ac.uk\/castle-geoarchaeology-heritage\/"},{"@type":"ListItem","position":2,"name":"Our Research","item":"https:\/\/research.reading.ac.uk\/castle-geoarchaeology-heritage\/our-research\/"},{"@type":"ListItem","position":3,"name":"Related Publications"}]},{"@type":"WebSite","@id":"https:\/\/research.reading.ac.uk\/castle-geoarchaeology-heritage\/#website","url":"https:\/\/research.reading.ac.uk\/castle-geoarchaeology-heritage\/","name":"All along the watchtowers!","description":"Balancing Heritage Protection, Development, and Scientific Research on Buried Archaeology at European Castles","potentialAction":[{"@type":"SearchAction","target":{"@type":"EntryPoint","urlTemplate":"https:\/\/research.reading.ac.uk\/castle-geoarchaeology-heritage\/?s={search_term_string}"},"query-input":"required name=search_term_string"}],"inLanguage":"en-GB"}]}},"_links":{"self":[{"href":"https:\/\/research.reading.ac.uk\/castle-geoarchaeology-heritage\/wp-json\/wp\/v2\/pages\/31","targetHints":{"allow":["GET"]}}],"collection":[{"href":"https:\/\/research.reading.ac.uk\/castle-geoarchaeology-heritage\/wp-json\/wp\/v2\/pages"}],"about":[{"href":"https:\/\/research.reading.ac.uk\/castle-geoarchaeology-heritage\/wp-json\/wp\/v2\/types\/page"}],"author":[{"embeddable":true,"href":"https:\/\/research.reading.ac.uk\/castle-geoarchaeology-heritage\/wp-json\/wp\/v2\/users\/219"}],"replies":[{"embeddable":true,"href":"https:\/\/research.reading.ac.uk\/castle-geoarchaeology-heritage\/wp-json\/wp\/v2\/comments?post=31"}],"version-history":[{"count":7,"href":"https:\/\/research.reading.ac.uk\/castle-geoarchaeology-heritage\/wp-json\/wp\/v2\/pages\/31\/revisions"}],"predecessor-version":[{"id":495,"href":"https:\/\/research.reading.ac.uk\/castle-geoarchaeology-heritage\/wp-json\/wp\/v2\/pages\/31\/revisions\/495"}],"up":[{"embeddable":true,"href":"https:\/\/research.reading.ac.uk\/castle-geoarchaeology-heritage\/wp-json\/wp\/v2\/pages\/23"}],"wp:featuredmedia":[{"embeddable":true,"href":"https:\/\/research.reading.ac.uk\/castle-geoarchaeology-heritage\/wp-json\/wp\/v2\/media\/55"}],"wp:attachment":[{"href":"https:\/\/research.reading.ac.uk\/castle-geoarchaeology-heritage\/wp-json\/wp\/v2\/media?parent=31"}],"curies":[{"name":"wp","href":"https:\/\/api.w.org\/{rel}","templated":true}]}}