{"id":2222,"date":"2025-03-26T15:45:08","date_gmt":"2025-03-26T15:45:08","guid":{"rendered":"https:\/\/research.reading.ac.uk\/christos-lab\/?page_id=2222"},"modified":"2025-03-26T15:45:08","modified_gmt":"2025-03-26T15:45:08","slug":"multipic-information-sheet-albanian","status":"publish","type":"page","link":"https:\/\/research.reading.ac.uk\/christos-lab\/multipic-information-sheet-albanian\/","title":{"rendered":"Multipic information sheet- Albanian"},"content":{"rendered":"<p><strong>Titulli i studimit: Baza e t\u00eb dh\u00ebnave t\u00eb figurave shum\u00ebgjuh\u00ebshe (Multipic)<\/strong><\/p>\n<p><strong>FLET\u00cb INFORMATIVE P\u00cbR PJES\u00cbMARR\u00cbSIN<\/strong><\/p>\n<p>Do t\u00eb ishim mir\u00ebnjoh\u00ebs n\u00ebse mund t\u00eb na ndihmonit duke marr\u00eb pjes\u00eb n\u00eb studimin ton\u00eb n\u00eb internet, i cili synon t\u00eb siguroj\u00eb emrat m\u00eb t\u00eb zakonsh\u00ebm p\u00ebr nj\u00eb grup fotografish n\u00eb shqip. Ky studim \u00ebsht\u00eb pjes\u00eb e nj\u00eb projekti t\u00eb madh q\u00eb tashm\u00eb \u00ebsht\u00eb realizuar n\u00eb mbi 30 gjuh\u00eb (<a href=\"https:\/\/research.reading.ac.uk\/christos-lab\/the-multilingual-picture-dataset-multipic\/\">https:\/\/research.reading.ac.uk\/christos-lab\/the-multilingual-picture-dataset-multipic\/<\/a>). Q\u00ebllimi i k\u00ebtij projekti \u00ebsht\u00eb t\u00eb krijoj\u00eb nj\u00eb grup fotografish t\u00eb kontrolluara mir\u00eb dhe emrat e tyre t\u00eb disponuesh\u00ebm lirisht, t\u00eb cilat aktualisht mungojn\u00eb n\u00eb shqip, t\u00eb cilat do t\u00eb jen\u00eb me vler\u00eb t\u00eb madhe p\u00ebr studiuesit dhe klinicist\u00ebt q\u00eb punojn\u00eb me gjuh\u00ebn.<\/p>\n<p><strong>\u00c7far\u00eb do t\u00eb m\u00eb k\u00ebrkohet t\u00eb b\u00ebj?<\/strong><\/p>\n<p>Eksperimenti do t\u00eb kryhet t\u00ebr\u00ebsisht online. Do t&#8217;ju paraqitet nj\u00eb seri fotografish dhe do t&#8217;ju k\u00ebrkohet t\u00eb shkruani emrin e artikullit t\u00eb paraqitur n\u00eb secil\u00ebn fotografi. Pasi t\u00eb shkruani fjal\u00ebn, do t&#8217;ju k\u00ebrkohet t\u00eb tregoni se sa t\u00eb njohur mendoni se jeni me artikullin e paraqitur. P\u00ebr t&#8217;u m\u00ebsuar me procedur\u00ebn, do t\u00eb kryeni dy prova praktike p\u00ebrpara se t\u00eb filloni eksperimentin. I gjith\u00eb eksperimenti do t\u00eb zgjas\u00eb rreth nj\u00eb or\u00eb, dhe pushimet do t\u00eb futen gjat\u00eb testit n\u00eb \u00e7do 50 prova.<\/p>\n<p>Pjes\u00ebmarrja n\u00eb k\u00ebt\u00eb studim \u00ebsht\u00eb vullnetare; ju mund t\u00eb t\u00ebrhiqni p\u00eblqimin tuaj n\u00eb \u00e7do koh\u00eb pa pasur nevoj\u00eb t\u00eb jepni ndonj\u00eb arsye. Ju lutemi b\u00ebni \u00e7do pyetje q\u00eb mund t\u00eb keni n\u00eb lidhje me k\u00ebt\u00eb studim n\u00eb \u00e7do moment.<\/p>\n<p><strong>Pse jam ftuar t\u00eb marr pjes\u00eb n\u00eb k\u00ebt\u00eb studim?<\/strong><\/p>\n<p>Jeni ftuar t\u00eb merrni pjes\u00eb n\u00eb k\u00ebt\u00eb studim sepse jeni fol\u00ebs amtare i gjuh\u00ebs shqipe, 18 vje\u00e7 e lart.<\/p>\n<p><strong>A ka p\u00ebrfitime p\u00ebr t\u00eb marr\u00eb pjes\u00eb?<\/strong><\/p>\n<p>Ju do t\u00eb merrni nj\u00eb Kupon Amazon prej 10 \u00a3 p\u00ebr t\u00eb marr\u00eb pjes\u00eb n\u00eb k\u00ebt\u00eb studim. Megjithat\u00eb, pjes\u00ebmarrja juaj vler\u00ebsohet shum\u00eb dhe do t&#8217;i ndihmonte v\u00ebrtet studiuesit n\u00eb studimin e tyre. Shpresojm\u00eb q\u00eb ky studim t&#8217;ju duket interesant.<\/p>\n<p><strong>A ka ndonj\u00eb rrezik apo d<\/strong><strong>\u00ebm p\u00ebr t\u00eb marr\u00eb pjes\u00eb?<\/strong><\/p>\n<p>Nuk ka rreziqe apo probleme t\u00eb lidhura me k\u00ebt\u00eb studim.<\/p>\n<p><strong>\u00c7far\u00eb do t\u00eb ndodh\u00eb me t\u00eb dh\u00ebnat e mia\/si do t\u00eb mbrohen?<\/strong><\/p>\n<p>Nuk do t&#8217;ju k\u00ebrkohet t\u00eb jepni asnj\u00eb informacion q\u00eb mund t\u00eb p\u00ebrdoret p\u00ebr t&#8217;ju identifikuar personalisht (p.sh., emrin, dat\u00ebn e lindjes, adres\u00ebn IP). Vet\u00ebm studiuesit e p\u00ebrfshir\u00eb n\u00eb studim do t\u00eb ken\u00eb akses n\u00eb p\u00ebrgjigjet tuaja anonime. Konfidencialiteti, privat\u00ebsia dhe anonimiteti do t\u00eb sigurohen n\u00eb mbledhjen, ruajtjen dhe publikimin e materialit k\u00ebrkimor.<\/p>\n<p><strong>Me k\u00eb mund t\u00eb kontaktoj p\u00ebr privat\u00ebsin\u00eb dhe ruajtjen e t\u00eb dh\u00ebnave?<\/strong><\/p>\n<p>Organizata p\u00ebrgjegj\u00ebse p\u00ebr mbrojtjen e t\u00eb dh\u00ebnave tuaja personale \u00ebsht\u00eb Universiteti i Reading (Kontrolluesi i t\u00eb Dh\u00ebnave). Pyetjet n\u00eb lidhje me mbrojtjen e t\u00eb dh\u00ebnave dhe t\u00eb drejtat tuaja duhet t&#8217;i drejtohen Zyrtarit t\u00eb Mbrojtjes s\u00eb t\u00eb Dh\u00ebnave t\u00eb Universitetit n\u00eb <a href=\"mailto:imps@reading.ac.uk\">imps@reading.ac.uk<\/a>, ose me shkrim n\u00eb: University of Reading, Information Management &amp; Policy Services, Whiteknights House, Pepper Lane, Whiteknights, Reading , RG6 6UR, UK.<\/p>\n<p>Universiteti i Reading mbledh, analizon, p\u00ebrdor, ndan dhe ruan t\u00eb dh\u00ebna personale p\u00ebr q\u00ebllime k\u00ebrkimi n\u00eb interes publik. Sipas ligjit p\u00ebr mbrojtjen e t\u00eb dh\u00ebnave, ne jemi t\u00eb detyruar t&#8217;ju informojm\u00eb se ky p\u00ebrdorim i t\u00eb dh\u00ebnave personale q\u00eb mund t\u00eb mbajm\u00eb p\u00ebr ju \u00ebsht\u00eb mbi baz\u00ebn e ligjshme t\u00eb t\u00eb qenit nj\u00eb detyr\u00eb publike n\u00eb interes t\u00eb publikut dhe kur \u00ebsht\u00eb e nevojshme p\u00ebr q\u00ebllime k\u00ebrkimore shkencore ose historike. N\u00ebse t\u00ebrhiqeni nga nj\u00eb studim k\u00ebrkimor, i cili p\u00ebrpunon t\u00eb dh\u00ebnat tuaja personale, n\u00eb var\u00ebsi t\u00eb faz\u00ebs s\u00eb t\u00ebrheqjes, ne ende mund t\u00eb mb\u00ebshtetemi n\u00eb k\u00ebt\u00eb baz\u00eb t\u00eb ligjshme p\u00ebr t\u00eb vazhduar p\u00ebrdorimin e t\u00eb dh\u00ebnave tuaja n\u00ebse t\u00ebrheqja juaj do t\u00eb ishte n\u00eb d\u00ebm t\u00eb konsideruesh\u00ebm p\u00ebr q\u00ebllimet e studimit k\u00ebrkimor. Ne do t\u00eb kemi gjithmon\u00eb masa mbrojt\u00ebse t\u00eb p\u00ebrshtatshme p\u00ebr t\u00eb mbrojtur t\u00eb dh\u00ebnat tuaja personale.<\/p>\n<p>Ju keni disa t\u00eb drejta sipas ligjit p\u00ebr mbrojtjen e t\u00eb dh\u00ebnave t\u00eb cilat jan\u00eb:<\/p>\n<ul>\n<li>Te t\u00ebrhiqni p\u00eblqimin tuaj, p\u00ebr shembull n\u00ebse keni zgjedhur t\u00eb bashkoheni n\u00eb nj\u00eb regjist\u00ebr pjes\u00ebmarr\u00ebs<\/li>\n<li>P\u00ebr t\u00eb hyr\u00eb n\u00eb t\u00eb dh\u00ebnat tuaja personale ose p\u00ebr t\u00eb k\u00ebrkuar nj\u00eb kopje<\/li>\n<li>P\u00ebr t\u00eb korrigjuar pasakt\u00ebsit\u00eb n\u00eb t\u00eb dh\u00ebnat personale q\u00eb mbajm\u00eb p\u00ebr ju<\/li>\n<li>P\u00ebr t&#8217;u harruar, q\u00eb t\u00eb dh\u00ebnat tuaja duhet t\u00eb hiqen nga sistemet q\u00eb ne p\u00ebrdorim p\u00ebr t\u00eb p\u00ebrpunuar t\u00eb dh\u00ebnat tuaja personale<\/li>\n<li>P\u00ebr t\u00eb kufizuar p\u00ebrdorimin e t\u00eb dh\u00ebnave tuaja<\/li>\n<li>Kund\u00ebrshtoni p\u00ebrdorimin e t\u00eb dh\u00ebnave tuaja, p\u00ebr shembull mbajtjen pasi t\u00eb jeni t\u00ebrhequr nga nj\u00eb studim<\/li>\n<\/ul>\n<p>Disa kufizime zbatohen p\u00ebr t\u00eb drejtat e m\u00ebsip\u00ebrme ku t\u00eb dh\u00ebnat mblidhen dhe p\u00ebrdoren p\u00ebr q\u00ebllime k\u00ebrkimore.<\/p>\n<p>Mund t\u00eb m\u00ebsoni m\u00eb shum\u00eb p\u00ebr t\u00eb drejtat tuaja n\u00eb faqen e internetit t\u00eb Zyr\u00ebs s\u00eb Komisioner\u00ebve t\u00eb Informacionit n\u00eb <a href=\"https:\/\/ico.org.uk\">https:\/\/ico.org.uk<\/a><\/p>\n<p>Ju gjithashtu keni t\u00eb drejt\u00eb t\u00eb ankoheni n\u00ebse nuk jeni t\u00eb k\u00ebnaqur me m\u00ebnyr\u00ebn se si jan\u00eb trajtuar t\u00eb dh\u00ebnat tuaja. Ju lutemi kontaktoni n\u00eb radh\u00eb t\u00eb par\u00eb Zyrtarin e Mbrojtjes s\u00eb t\u00eb Dh\u00ebnave t\u00eb Universitetit.<\/p>\n<p><strong>Kush e ka rishikuar k\u00ebt\u00eb studim?<\/strong><\/p>\n<p>Ky aplikacion \u00ebsht\u00eb shqyrtuar nga Komiteti i Etik\u00ebs s\u00eb K\u00ebrkimit n\u00eb Shkoll\u00ebn e Psikologjis\u00eb dhe Shkencave Klinike t\u00eb Gjuh\u00ebve dhe i \u00ebsht\u00eb dh\u00ebn\u00eb nj\u00eb opinion i favorsh\u00ebm etik p\u00ebr sjellje (2024-024-CP).<\/p>\n<p><a href=\"https:\/\/forms.office.com\/Pages\/ResponsePage.aspx?id=xDv6T_zswEiQgPXkP_kOXy6LnLulP45Hu_a7tDoK2plURjU2WTVJWFEwTlFUWUNPRkZHUFFJNTdKRy4u\">N\u00ebse d\u00ebshironi t\u00eb merrni pjes\u00eb n\u00eb k\u00ebt\u00eb studim, plot\u00ebsoni k\u00ebt\u00eb formular t\u00eb shpejt\u00eb dhe ne do t&#8217;ju p\u00ebrgjigjemi!<\/a><\/p>\n<p><strong>Ku mund t\u00eb marr m\u00eb shum\u00eb informacion\/k\u00eb mund t\u00eb kontaktoj p\u00ebr k\u00ebt\u00eb studim?<\/strong><\/p>\n<p>N\u00ebse keni ndonj\u00eb pyetje ose shqet\u00ebsim n\u00eb lidhje me hulumtimin, ju lutemi kontaktoni Dr Christos Pliatsikas.<\/p>\n<p>Email: c.pliatsikas@reading.ac.uk, Tel: 01183788521<\/p>\n<p>Faleminderit p\u00ebr ndihm\u00ebn tuaj.<\/p>\n","protected":false},"excerpt":{"rendered":"<p>Titulli i studimit: Baza e t\u00eb dh\u00ebnave t\u00eb figurave shum\u00ebgjuh\u00ebshe (Multipic) FLET\u00cb INFORMATIVE P\u00cbR PJES\u00cbMARR\u00cbSIN Do t\u00eb ishim mir\u00ebnjoh\u00ebs n\u00ebse mund t\u00eb na ndihmonit duke marr\u00eb pjes\u00eb n\u00eb studimin ton\u00eb&#8230;<a class=\"read-more\" href=\"&#104;&#116;&#116;&#112;&#115;&#58;&#47;&#47;&#114;&#101;&#115;&#101;&#97;&#114;&#99;&#104;&#46;&#114;&#101;&#97;&#100;&#105;&#110;&#103;&#46;&#97;&#99;&#46;&#117;&#107;&#47;&#99;&#104;&#114;&#105;&#115;&#116;&#111;&#115;&#45;&#108;&#97;&#98;&#47;&#109;&#117;&#108;&#116;&#105;&#112;&#105;&#99;&#45;&#105;&#110;&#102;&#111;&#114;&#109;&#97;&#116;&#105;&#111;&#110;&#45;&#115;&#104;&#101;&#101;&#116;&#45;&#97;&#108;&#98;&#97;&#110;&#105;&#97;&#110;&#47;\">Read More ><\/a><\/p>\n","protected":false},"author":615,"featured_media":0,"parent":0,"menu_order":0,"comment_status":"closed","ping_status":"closed","template":"","meta":{"_acf_changed":false,"_monsterinsights_skip_tracking":false,"_monsterinsights_sitenote_active":false,"_monsterinsights_sitenote_note":"","_monsterinsights_sitenote_category":0,"__cvm_playback_settings":[],"__cvm_video_id":"","footnotes":""},"coauthors":[14],"class_list":["post-2222","page","type-page","status-publish","hentry"],"acf":[],"yoast_head":"<!-- This site is optimized with the Yoast SEO plugin v21.8.1 - https:\/\/yoast.com\/wordpress\/plugins\/seo\/ -->\n<title>Multipic information sheet- Albanian - Bilingualism in The Brain<\/title>\n<meta name=\"robots\" content=\"index, follow, max-snippet:-1, max-image-preview:large, max-video-preview:-1\" \/>\n<link rel=\"canonical\" href=\"https:\/\/research.reading.ac.uk\/christos-lab\/multipic-information-sheet-albanian\/\" \/>\n<meta property=\"og:locale\" content=\"en_GB\" \/>\n<meta property=\"og:type\" content=\"article\" \/>\n<meta property=\"og:title\" content=\"Multipic information sheet- Albanian - Bilingualism in The Brain\" \/>\n<meta property=\"og:description\" content=\"Titulli i studimit: Baza e t\u00eb dh\u00ebnave t\u00eb figurave shum\u00ebgjuh\u00ebshe (Multipic) FLET\u00cb INFORMATIVE P\u00cbR PJES\u00cbMARR\u00cbSIN Do t\u00eb ishim mir\u00ebnjoh\u00ebs n\u00ebse mund t\u00eb na ndihmonit duke marr\u00eb pjes\u00eb n\u00eb studimin ton\u00eb...Read More &gt;\" \/>\n<meta property=\"og:url\" content=\"https:\/\/research.reading.ac.uk\/christos-lab\/multipic-information-sheet-albanian\/\" \/>\n<meta property=\"og:site_name\" content=\"Bilingualism in The Brain\" \/>\n<meta name=\"twitter:card\" content=\"summary_large_image\" \/>\n<meta name=\"twitter:label1\" content=\"Estimated reading time\" \/>\n\t<meta name=\"twitter:data1\" content=\"4 minutes\" \/>\n\t<meta name=\"twitter:label2\" content=\"Written by\" \/>\n\t<meta name=\"twitter:data2\" content=\"Christos Pliatsikas\" \/>\n<script type=\"application\/ld+json\" class=\"yoast-schema-graph\">{\"@context\":\"https:\/\/schema.org\",\"@graph\":[{\"@type\":\"WebPage\",\"@id\":\"https:\/\/research.reading.ac.uk\/christos-lab\/multipic-information-sheet-albanian\/\",\"url\":\"https:\/\/research.reading.ac.uk\/christos-lab\/multipic-information-sheet-albanian\/\",\"name\":\"Multipic information sheet- Albanian - Bilingualism in The Brain\",\"isPartOf\":{\"@id\":\"https:\/\/research.reading.ac.uk\/christos-lab\/#website\"},\"datePublished\":\"2025-03-26T15:45:08+00:00\",\"dateModified\":\"2025-03-26T15:45:08+00:00\",\"breadcrumb\":{\"@id\":\"https:\/\/research.reading.ac.uk\/christos-lab\/multipic-information-sheet-albanian\/#breadcrumb\"},\"inLanguage\":\"en-GB\",\"potentialAction\":[{\"@type\":\"ReadAction\",\"target\":[\"https:\/\/research.reading.ac.uk\/christos-lab\/multipic-information-sheet-albanian\/\"]}]},{\"@type\":\"BreadcrumbList\",\"@id\":\"https:\/\/research.reading.ac.uk\/christos-lab\/multipic-information-sheet-albanian\/#breadcrumb\",\"itemListElement\":[{\"@type\":\"ListItem\",\"position\":1,\"name\":\"Home\",\"item\":\"https:\/\/research.reading.ac.uk\/christos-lab\/\"},{\"@type\":\"ListItem\",\"position\":2,\"name\":\"Multipic information sheet- Albanian\"}]},{\"@type\":\"WebSite\",\"@id\":\"https:\/\/research.reading.ac.uk\/christos-lab\/#website\",\"url\":\"https:\/\/research.reading.ac.uk\/christos-lab\/\",\"name\":\"Bilingualism in The Brain\",\"description\":\"Christos Pliatsikas&#039;s lab at the University of Reading\",\"potentialAction\":[{\"@type\":\"SearchAction\",\"target\":{\"@type\":\"EntryPoint\",\"urlTemplate\":\"https:\/\/research.reading.ac.uk\/christos-lab\/?s={search_term_string}\"},\"query-input\":\"required name=search_term_string\"}],\"inLanguage\":\"en-GB\"}]}<\/script>\n<!-- \/ Yoast SEO plugin. -->","yoast_head_json":{"title":"Multipic information sheet- Albanian - Bilingualism in The Brain","robots":{"index":"index","follow":"follow","max-snippet":"max-snippet:-1","max-image-preview":"max-image-preview:large","max-video-preview":"max-video-preview:-1"},"canonical":"https:\/\/research.reading.ac.uk\/christos-lab\/multipic-information-sheet-albanian\/","og_locale":"en_GB","og_type":"article","og_title":"Multipic information sheet- Albanian - Bilingualism in The Brain","og_description":"Titulli i studimit: Baza e t\u00eb dh\u00ebnave t\u00eb figurave shum\u00ebgjuh\u00ebshe (Multipic) FLET\u00cb INFORMATIVE P\u00cbR PJES\u00cbMARR\u00cbSIN Do t\u00eb ishim mir\u00ebnjoh\u00ebs n\u00ebse mund t\u00eb na ndihmonit duke marr\u00eb pjes\u00eb n\u00eb studimin ton\u00eb...Read More >","og_url":"https:\/\/research.reading.ac.uk\/christos-lab\/multipic-information-sheet-albanian\/","og_site_name":"Bilingualism in The Brain","twitter_card":"summary_large_image","twitter_misc":{"Estimated reading time":"4 minutes","Written by":"Christos Pliatsikas"},"schema":{"@context":"https:\/\/schema.org","@graph":[{"@type":"WebPage","@id":"https:\/\/research.reading.ac.uk\/christos-lab\/multipic-information-sheet-albanian\/","url":"https:\/\/research.reading.ac.uk\/christos-lab\/multipic-information-sheet-albanian\/","name":"Multipic information sheet- Albanian - Bilingualism in The Brain","isPartOf":{"@id":"https:\/\/research.reading.ac.uk\/christos-lab\/#website"},"datePublished":"2025-03-26T15:45:08+00:00","dateModified":"2025-03-26T15:45:08+00:00","breadcrumb":{"@id":"https:\/\/research.reading.ac.uk\/christos-lab\/multipic-information-sheet-albanian\/#breadcrumb"},"inLanguage":"en-GB","potentialAction":[{"@type":"ReadAction","target":["https:\/\/research.reading.ac.uk\/christos-lab\/multipic-information-sheet-albanian\/"]}]},{"@type":"BreadcrumbList","@id":"https:\/\/research.reading.ac.uk\/christos-lab\/multipic-information-sheet-albanian\/#breadcrumb","itemListElement":[{"@type":"ListItem","position":1,"name":"Home","item":"https:\/\/research.reading.ac.uk\/christos-lab\/"},{"@type":"ListItem","position":2,"name":"Multipic information sheet- Albanian"}]},{"@type":"WebSite","@id":"https:\/\/research.reading.ac.uk\/christos-lab\/#website","url":"https:\/\/research.reading.ac.uk\/christos-lab\/","name":"Bilingualism in The Brain","description":"Christos Pliatsikas&#039;s lab at the University of Reading","potentialAction":[{"@type":"SearchAction","target":{"@type":"EntryPoint","urlTemplate":"https:\/\/research.reading.ac.uk\/christos-lab\/?s={search_term_string}"},"query-input":"required name=search_term_string"}],"inLanguage":"en-GB"}]}},"_links":{"self":[{"href":"https:\/\/research.reading.ac.uk\/christos-lab\/wp-json\/wp\/v2\/pages\/2222","targetHints":{"allow":["GET"]}}],"collection":[{"href":"https:\/\/research.reading.ac.uk\/christos-lab\/wp-json\/wp\/v2\/pages"}],"about":[{"href":"https:\/\/research.reading.ac.uk\/christos-lab\/wp-json\/wp\/v2\/types\/page"}],"author":[{"embeddable":true,"href":"https:\/\/research.reading.ac.uk\/christos-lab\/wp-json\/wp\/v2\/users\/615"}],"replies":[{"embeddable":true,"href":"https:\/\/research.reading.ac.uk\/christos-lab\/wp-json\/wp\/v2\/comments?post=2222"}],"version-history":[{"count":3,"href":"https:\/\/research.reading.ac.uk\/christos-lab\/wp-json\/wp\/v2\/pages\/2222\/revisions"}],"predecessor-version":[{"id":2225,"href":"https:\/\/research.reading.ac.uk\/christos-lab\/wp-json\/wp\/v2\/pages\/2222\/revisions\/2225"}],"wp:attachment":[{"href":"https:\/\/research.reading.ac.uk\/christos-lab\/wp-json\/wp\/v2\/media?parent=2222"}],"wp:term":[{"taxonomy":"author","embeddable":true,"href":"https:\/\/research.reading.ac.uk\/christos-lab\/wp-json\/wp\/v2\/coauthors?post=2222"}],"curies":[{"name":"wp","href":"https:\/\/api.w.org\/{rel}","templated":true}]}}