{"id":186,"date":"2018-06-13T11:15:02","date_gmt":"2018-06-13T10:15:02","guid":{"rendered":"https:\/\/research.reading.ac.uk\/conscientious-objection-in-health-care-declaration\/?page_id=186"},"modified":"2018-06-13T16:05:32","modified_gmt":"2018-06-13T15:05:32","slug":"introduccion","status":"publish","type":"page","link":"https:\/\/research.reading.ac.uk\/conscientious-objection-in-health-care-declaration\/introduccion\/","title":{"rendered":"Introducci\u00f3n"},"content":{"rendered":"<p><img loading=\"lazy\" decoding=\"async\" class=\"alignnone size-full wp-image-203\" src=\"https:\/\/research.reading.ac.uk\/conscientious-objection-in-health-care-declaration\/wp-content\/uploads\/sites\/44\/icons\/british-flag-icon.png\" alt=\"Union Jack flag\" width=\"32\" height=\"19\" \/>\u00a0<strong><a href=\"https:\/\/research.reading.ac.uk\/conscientious-objection-in-health-care-declaration\/overview\/\">English version<\/a><\/strong><\/p>\n<p>La Declaraci\u00f3n y los textos relacionados que se encuentran aqu\u00ed son mi intento, como acad\u00e9mico preocupado, por ofrecer una plataforma para el apoyo p\u00fablico a la libertad de conciencia en la asistencia sanitaria.<\/p>\n<p>Por favor, lea todo el material. Si est\u00e1 de acuerdo en l\u00edneas generales con la Declaraci\u00f3n, o incluso si no est\u00e1 de acuerdo o se mantiene neutral con respecto a a algunas cuestiones, lo aliento a sumar su firma electr\u00f3nica como muestra de apoyo.<\/p>\n<p>Si bien las firmas de los profesionales de la salud y los acad\u00e9micos de campos relacionados son en especial bienvenidas, le pido que firme simplemente si comparte mis inquietudes y est\u00e1 de acuerdo en general con la manera en que se expresan. No es necesario poseer afiliaci\u00f3n institucional, t\u00edtulo profesional o alg\u00fan requisito en particular. Mientras m\u00e1s firmas obtenga esta Declaraci\u00f3n, m\u00e1s probable ser\u00e1 que llame la atenci\u00f3n de legisladores y figuras p\u00fablicas que puedan difundir el mensaje.<\/p>\n<p>Los textos anexos a la Declaraci\u00f3n no forman parte de su contenido: tan solo expresan mi punto de vista e interpretaci\u00f3n de los temas que conciernen a la Declaraci\u00f3n y qu\u00e9 pol\u00edticas deber\u00edan implementarse. Al firmar esta Declaraci\u00f3n, no expresa su apoyo a ninguna de las ideas expuestas en los anexos.<\/p>\n<p>Tan solo se le solicitar\u00e1 su nombre, t\u00edtulo profesional (si posee), afiliaci\u00f3n institucional (si posee), direcci\u00f3n de correo electr\u00f3nico y pa\u00eds de residencia. Quiz\u00e1s utilice su correo electr\u00f3nico en ciertas ocasiones para enviarle informaci\u00f3n sobre la Declaraci\u00f3n, como la cobertura medi\u00e1tica que reciba, pero no utilizar\u00e9 su direcci\u00f3n con ning\u00fan otro fin. Tampoco se le solicitar\u00e1 participar en otras actividades. La informaci\u00f3n que otorgue se utilizar\u00e1 solamente para representar su apoyo a la libertad de conciencia en la asistencia sanitaria ante profesionales de la materia (tanto cl\u00ednicos como acad\u00e9micos), legisladores y otras partes interesadas que puedan contribuir a promover este tema.<\/p>\n<h2>Agradecimiento y aviso legal<\/h2>\n<p>Agradezco a la Universidad de Reading por su apoyo para la publicaci\u00f3n de este material. Sin embargo, los puntos de vista y propuestas que aqu\u00ed se exponen solo representan mi opini\u00f3n personal. No necesariamente representan en absoluto las opiniones de la Universidad de Reading o de cualquiera de sus directivos, empleados o estudiantes.<\/p>\n<p>\u00a9 David S. Oderberg 2018<\/p>\n","protected":false},"excerpt":{"rendered":"<p>\u00a0English version La Declaraci\u00f3n y los textos relacionados que se encuentran aqu\u00ed son mi intento, como acad\u00e9mico preocupado, por ofrecer una plataforma para el apoyo p\u00fablico a la libertad de&#8230;<a class=\"read-more\" href=\"&#104;&#116;&#116;&#112;&#115;&#58;&#47;&#47;&#114;&#101;&#115;&#101;&#97;&#114;&#99;&#104;&#46;&#114;&#101;&#97;&#100;&#105;&#110;&#103;&#46;&#97;&#99;&#46;&#117;&#107;&#47;&#99;&#111;&#110;&#115;&#99;&#105;&#101;&#110;&#116;&#105;&#111;&#117;&#115;&#45;&#111;&#98;&#106;&#101;&#99;&#116;&#105;&#111;&#110;&#45;&#105;&#110;&#45;&#104;&#101;&#97;&#108;&#116;&#104;&#45;&#99;&#97;&#114;&#101;&#45;&#100;&#101;&#99;&#108;&#97;&#114;&#97;&#116;&#105;&#111;&#110;&#47;&#105;&#110;&#116;&#114;&#111;&#100;&#117;&#99;&#99;&#105;&#111;&#110;&#47;\">Read More ><\/a><\/p>\n","protected":false},"author":8,"featured_media":0,"parent":0,"menu_order":0,"comment_status":"closed","ping_status":"closed","template":"","meta":{"_acf_changed":false,"_monsterinsights_skip_tracking":false,"_monsterinsights_sitenote_active":false,"_monsterinsights_sitenote_note":"","_monsterinsights_sitenote_category":0,"__cvm_playback_settings":[],"__cvm_video_id":"","footnotes":"","_links_to":"","_links_to_target":""},"class_list":["post-186","page","type-page","status-publish","hentry"],"acf":[],"yoast_head":"<!-- This site is optimized with the Yoast SEO plugin v21.8.1 - https:\/\/yoast.com\/wordpress\/plugins\/seo\/ -->\n<title>Introducci\u00f3n - Declaration in Support of Conscientious Objection in Health Care<\/title>\n<meta name=\"robots\" content=\"index, follow, max-snippet:-1, max-image-preview:large, max-video-preview:-1\" \/>\n<link rel=\"canonical\" href=\"https:\/\/research.reading.ac.uk\/conscientious-objection-in-health-care-declaration\/introduccion\/\" \/>\n<meta property=\"og:locale\" content=\"en_GB\" \/>\n<meta property=\"og:type\" content=\"article\" \/>\n<meta property=\"og:title\" content=\"Introducci\u00f3n - Declaration in Support of Conscientious Objection in Health Care\" \/>\n<meta property=\"og:description\" content=\"\u00a0English version La Declaraci\u00f3n y los textos relacionados que se encuentran aqu\u00ed son mi intento, como acad\u00e9mico preocupado, por ofrecer una plataforma para el apoyo p\u00fablico a la libertad de...Read More &gt;\" \/>\n<meta property=\"og:url\" content=\"https:\/\/research.reading.ac.uk\/conscientious-objection-in-health-care-declaration\/introduccion\/\" \/>\n<meta property=\"og:site_name\" content=\"Declaration in Support of Conscientious Objection in Health Care\" \/>\n<meta property=\"article:modified_time\" content=\"2018-06-13T15:05:32+00:00\" \/>\n<meta property=\"og:image\" content=\"https:\/\/research.reading.ac.uk\/conscientious-objection-in-health-care-declaration\/wp-content\/uploads\/sites\/44\/icons\/british-flag-icon.png\" \/>\n<meta name=\"twitter:card\" content=\"summary_large_image\" \/>\n<meta name=\"twitter:label1\" content=\"Estimated reading time\" \/>\n\t<meta name=\"twitter:data1\" content=\"2 minutes\" \/>\n<script type=\"application\/ld+json\" class=\"yoast-schema-graph\">{\"@context\":\"https:\/\/schema.org\",\"@graph\":[{\"@type\":\"WebPage\",\"@id\":\"https:\/\/research.reading.ac.uk\/conscientious-objection-in-health-care-declaration\/introduccion\/\",\"url\":\"https:\/\/research.reading.ac.uk\/conscientious-objection-in-health-care-declaration\/introduccion\/\",\"name\":\"Introducci\u00f3n - Declaration in Support of Conscientious Objection in Health Care\",\"isPartOf\":{\"@id\":\"https:\/\/research.reading.ac.uk\/conscientious-objection-in-health-care-declaration\/#website\"},\"datePublished\":\"2018-06-13T10:15:02+00:00\",\"dateModified\":\"2018-06-13T15:05:32+00:00\",\"breadcrumb\":{\"@id\":\"https:\/\/research.reading.ac.uk\/conscientious-objection-in-health-care-declaration\/introduccion\/#breadcrumb\"},\"inLanguage\":\"en-GB\",\"potentialAction\":[{\"@type\":\"ReadAction\",\"target\":[\"https:\/\/research.reading.ac.uk\/conscientious-objection-in-health-care-declaration\/introduccion\/\"]}]},{\"@type\":\"BreadcrumbList\",\"@id\":\"https:\/\/research.reading.ac.uk\/conscientious-objection-in-health-care-declaration\/introduccion\/#breadcrumb\",\"itemListElement\":[{\"@type\":\"ListItem\",\"position\":1,\"name\":\"Home\",\"item\":\"https:\/\/research.reading.ac.uk\/conscientious-objection-in-health-care-declaration\/\"},{\"@type\":\"ListItem\",\"position\":2,\"name\":\"Introducci\u00f3n\"}]},{\"@type\":\"WebSite\",\"@id\":\"https:\/\/research.reading.ac.uk\/conscientious-objection-in-health-care-declaration\/#website\",\"url\":\"https:\/\/research.reading.ac.uk\/conscientious-objection-in-health-care-declaration\/\",\"name\":\"Declaration in Support of Conscientious Objection in Health Care\",\"description\":\"\",\"potentialAction\":[{\"@type\":\"SearchAction\",\"target\":{\"@type\":\"EntryPoint\",\"urlTemplate\":\"https:\/\/research.reading.ac.uk\/conscientious-objection-in-health-care-declaration\/?s={search_term_string}\"},\"query-input\":\"required name=search_term_string\"}],\"inLanguage\":\"en-GB\"}]}<\/script>\n<!-- \/ Yoast SEO plugin. -->","yoast_head_json":{"title":"Introducci\u00f3n - Declaration in Support of Conscientious Objection in Health Care","robots":{"index":"index","follow":"follow","max-snippet":"max-snippet:-1","max-image-preview":"max-image-preview:large","max-video-preview":"max-video-preview:-1"},"canonical":"https:\/\/research.reading.ac.uk\/conscientious-objection-in-health-care-declaration\/introduccion\/","og_locale":"en_GB","og_type":"article","og_title":"Introducci\u00f3n - Declaration in Support of Conscientious Objection in Health Care","og_description":"\u00a0English version La Declaraci\u00f3n y los textos relacionados que se encuentran aqu\u00ed son mi intento, como acad\u00e9mico preocupado, por ofrecer una plataforma para el apoyo p\u00fablico a la libertad de...Read More >","og_url":"https:\/\/research.reading.ac.uk\/conscientious-objection-in-health-care-declaration\/introduccion\/","og_site_name":"Declaration in Support of Conscientious Objection in Health Care","article_modified_time":"2018-06-13T15:05:32+00:00","og_image":[{"url":"https:\/\/research.reading.ac.uk\/conscientious-objection-in-health-care-declaration\/wp-content\/uploads\/sites\/44\/icons\/british-flag-icon.png"}],"twitter_card":"summary_large_image","twitter_misc":{"Estimated reading time":"2 minutes"},"schema":{"@context":"https:\/\/schema.org","@graph":[{"@type":"WebPage","@id":"https:\/\/research.reading.ac.uk\/conscientious-objection-in-health-care-declaration\/introduccion\/","url":"https:\/\/research.reading.ac.uk\/conscientious-objection-in-health-care-declaration\/introduccion\/","name":"Introducci\u00f3n - Declaration in Support of Conscientious Objection in Health Care","isPartOf":{"@id":"https:\/\/research.reading.ac.uk\/conscientious-objection-in-health-care-declaration\/#website"},"datePublished":"2018-06-13T10:15:02+00:00","dateModified":"2018-06-13T15:05:32+00:00","breadcrumb":{"@id":"https:\/\/research.reading.ac.uk\/conscientious-objection-in-health-care-declaration\/introduccion\/#breadcrumb"},"inLanguage":"en-GB","potentialAction":[{"@type":"ReadAction","target":["https:\/\/research.reading.ac.uk\/conscientious-objection-in-health-care-declaration\/introduccion\/"]}]},{"@type":"BreadcrumbList","@id":"https:\/\/research.reading.ac.uk\/conscientious-objection-in-health-care-declaration\/introduccion\/#breadcrumb","itemListElement":[{"@type":"ListItem","position":1,"name":"Home","item":"https:\/\/research.reading.ac.uk\/conscientious-objection-in-health-care-declaration\/"},{"@type":"ListItem","position":2,"name":"Introducci\u00f3n"}]},{"@type":"WebSite","@id":"https:\/\/research.reading.ac.uk\/conscientious-objection-in-health-care-declaration\/#website","url":"https:\/\/research.reading.ac.uk\/conscientious-objection-in-health-care-declaration\/","name":"Declaration in Support of Conscientious Objection in Health Care","description":"","potentialAction":[{"@type":"SearchAction","target":{"@type":"EntryPoint","urlTemplate":"https:\/\/research.reading.ac.uk\/conscientious-objection-in-health-care-declaration\/?s={search_term_string}"},"query-input":"required name=search_term_string"}],"inLanguage":"en-GB"}]}},"_links":{"self":[{"href":"https:\/\/research.reading.ac.uk\/conscientious-objection-in-health-care-declaration\/wp-json\/wp\/v2\/pages\/186","targetHints":{"allow":["GET"]}}],"collection":[{"href":"https:\/\/research.reading.ac.uk\/conscientious-objection-in-health-care-declaration\/wp-json\/wp\/v2\/pages"}],"about":[{"href":"https:\/\/research.reading.ac.uk\/conscientious-objection-in-health-care-declaration\/wp-json\/wp\/v2\/types\/page"}],"author":[{"embeddable":true,"href":"https:\/\/research.reading.ac.uk\/conscientious-objection-in-health-care-declaration\/wp-json\/wp\/v2\/users\/8"}],"replies":[{"embeddable":true,"href":"https:\/\/research.reading.ac.uk\/conscientious-objection-in-health-care-declaration\/wp-json\/wp\/v2\/comments?post=186"}],"version-history":[{"count":5,"href":"https:\/\/research.reading.ac.uk\/conscientious-objection-in-health-care-declaration\/wp-json\/wp\/v2\/pages\/186\/revisions"}],"predecessor-version":[{"id":240,"href":"https:\/\/research.reading.ac.uk\/conscientious-objection-in-health-care-declaration\/wp-json\/wp\/v2\/pages\/186\/revisions\/240"}],"wp:attachment":[{"href":"https:\/\/research.reading.ac.uk\/conscientious-objection-in-health-care-declaration\/wp-json\/wp\/v2\/media?parent=186"}],"curies":[{"name":"wp","href":"https:\/\/api.w.org\/{rel}","templated":true}]}}