{"id":260,"date":"2019-03-05T14:46:21","date_gmt":"2019-03-05T14:46:21","guid":{"rendered":"https:\/\/research.reading.ac.uk\/conscientious-objection-in-health-care-declaration\/?page_id=260"},"modified":"2019-03-06T09:58:13","modified_gmt":"2019-03-06T09:58:13","slug":"declaration-2","status":"publish","type":"page","link":"https:\/\/research.reading.ac.uk\/conscientious-objection-in-health-care-declaration\/declaration-2\/","title":{"rendered":"D\u00e9claration"},"content":{"rendered":"<div id=\"pl-260\"  class=\"panel-layout\" ><div id=\"pg-260-0\"  class=\"panel-grid panel-no-style\" ><div id=\"pgc-260-0-0\"  class=\"panel-grid-cell\" ><div id=\"panel-260-0-0-0\" class=\"so-panel widget widget_sow-editor panel-first-child panel-last-child\" data-index=\"0\" ><div\n\t\t\t\n\t\t\tclass=\"so-widget-sow-editor so-widget-sow-editor-base\"\n\t\t\t\n\t\t>\n<div class=\"siteorigin-widget-tinymce textwidget\">\n\t<p><img loading=\"lazy\" decoding=\"async\" class=\"alignnone size-full wp-image-203\" src=\"https:\/\/research.reading.ac.uk\/conscientious-objection-in-health-care-declaration\/wp-content\/uploads\/sites\/44\/icons\/british-flag-icon.png\" alt=\"Union Jack flag\" width=\"32\" height=\"19\" \/>\u00a0\u00a0<a href=\"https:\/\/research.reading.ac.uk\/conscientious-objection-in-health-care-declaration\/declaration\/\"><strong>English version<\/strong><\/a><\/p>\n<ol>\n<li>La libert\u00e9 de conscience et de religion font partie des droits fondamentaux reconnus dans toute soci\u00e9t\u00e9 libre et d\u00e9mocratique attach\u00e9e au pluralisme et \u00e0 la tol\u00e9rance.<\/li>\n<li>La D\u00e9claration universelle des droits de l\u2019homme, de l\u2019ONU, proclame, dans son article 18\u00a0: \u00ab\u00a0Toute personne a droit \u00e0 la libert\u00e9 de pens\u00e9e, de conscience et de religion ; ce droit implique la libert\u00e9 de changer de religion ou de conviction ainsi que la libert\u00e9 de manifester sa religion ou sa conviction seule ou en commun, tant en public qu'en priv\u00e9, par l'enseignement, les\u00a0pratiques, le culte et l'accomplissement des rites.\u00a0\u00bb Le Pacte international relatif aux droits civiques et politiques, dans son article 18, et la Convention europ\u00e9enne des droits de l\u2019homme, article 19, s\u2019expriment de mani\u00e8re pratiquement identique.<\/li>\n<li>Dans les m\u00e9tiers de la sant\u00e9, la conscience joue un r\u00f4le essentiel dans le jugement professionnel, souvent subtil et d\u00e9licat, que les praticiens doivent exercer dans leur travail quotidien. Pour que les professionnels de sant\u00e9 ne soient pas r\u00e9duits au statut d e purs instruments (de l\u2019\u00c9tat, du patient, du syst\u00e8me l\u00e9gal), ils doivent \u00eatre libres d\u2019exercer leur jugement professionnel et de laisser leur conscience informer ce jugement. Cette libert\u00e9 de jugement professionnel inform\u00e9 par la conscience doit se traduire par la libert\u00e9 de ne pas \u00eatre impliqu\u00e9 dans certaines activit\u00e9s ou pratiques auxquelles on est en conscience oppos\u00e9.<\/li>\n<li>Les droits de religion et de conscience ne sont toutefois pas absolus. L\u2019article 29 de la D\u00e9claration des Nations Unies (avec des dispositions similaires dans les autres d\u00e9clarations) affirme\u00a0: \u00ab\u00a0Dans l'exercice de ses droits et dans la jouissance de ses libert\u00e9s, chacun n'est soumis qu'aux limitations \u00e9tablies par la loi exclusivement en vue d'assurer la reconnaissance et le respect des droits et libert\u00e9s d'autrui et afin de satisfaire aux justes exigences de la morale, de l'ordre public et du bien-\u00eatre g\u00e9n\u00e9ral dans une soci\u00e9t\u00e9 d\u00e9mocratique.\u00a0\u00bb<\/li>\n<li>Nous sommes d\u2019accord avec l\u2019ONU et les autres organisations et conventions internationales sur le fait que la libert\u00e9 de conscience et de religion ne doit pas violer\u00a0les droits l\u00e9galement reconnus des autres, et que cette libert\u00e9 peut \u00eatre limit\u00e9e par les justes exigences de la morale. Cela s\u2019applique aussi bien \u00e0 la participation directe \u00e0 diverses pratiques qu\u2019\u00e0 la coop\u00e9ration indirecte \u00e0 celles-ci, par exemple sous la forme du renvoi vers un autre praticien.<\/li>\n<li>Les droits des autres, cependant, ne sont pas viol\u00e9s par le simple fait qu\u2019ils ne peuvent \u00eatre l\u00e9galement oppos\u00e9s \u00e0 une personne qui exerce sa libert\u00e9 de conscience et de religion \u2013 sans quoi cette libert\u00e9 elle-m\u00eame serait vide de sens.<\/li>\n<li>En outre, ce sont pr\u00e9cis\u00e9ment \u00a0les \u00ab\u00a0justes exigences de la morale\u00a0\u00bb qui sont en dispute dans un cas d\u2019objection de conscience.<\/li>\n<li>Dans une soci\u00e9t\u00e9 libre et d\u00e9mocratique, en outre, l\u2019\u00c9tat n\u2019a pas \u00e0 choisir son camp en favorisant un syst\u00e8me de moralit\u00e9 au d\u00e9triment des autres, sans aucun \u00e9gard aux objections de conscience que soul\u00e8ve ce syst\u00e8me. Les objecteurs de conscience ne doivent pas \u00eatre r\u00e9duits au silence ou marginalis\u00e9s au seul motif qu\u2019ils refusent de participer aux activit\u00e9s auxquelles ils sont oppos\u00e9s.<\/li>\n<li>En particulier, l\u2019\u00c9tat libre et d\u00e9mocratique n\u2019a pas le droit de d\u00e9cider qu\u2019un syst\u00e8me de moralit\u00e9 la\u00efc, c\u2019est-\u00e0-dire non religieux, pr\u00e9vaut sur les droits des citoyens croyants, ou qu\u2019un syst\u00e8me moral particulier pr\u00e9vaut sur les droits de ceux qui font valoir, de fa\u00e7on sinc\u00e8re et r\u00e9fl\u00e9chie, l\u2019objection de conscience contre certains de ses principes ou de ses requ\u00eates.<\/li>\n<li>La libert\u00e9 de conscience et de religion dans une soci\u00e9t\u00e9 libre n\u2019implique pas que \u00ab\u00a0tout pr\u00e9texte est bon\u00a0\u00bb. Un professionnel de\u00a0sant\u00e9 ne peut s\u2019abriter derri\u00e8re la libert\u00e9 de conscience et de religion simplement en s\u2019en revendiquant. Pour que la protection s\u2019applique, la personne doit adh\u00e9rer profond\u00e9ment et sinc\u00e8rement \u00e0 un principe ou une doctrine de son code \u00e9thique ou religieux qui interdit, express\u00e9ment ou par cons\u00e9quence n\u00e9cessaire, le type d\u2019acte vis\u00e9 par son objection de conscience.<\/li>\n<li>Il doit s\u2019agir en outre d\u2019un code religieux ou \u00e9thique actuellement ou historiquement respect\u00e9 par une portion significative de la soci\u00e9t\u00e9 o\u00f9 r\u00e9side l\u2019objecteur de conscience, ou dans une autre soci\u00e9t\u00e9 o\u00f9 ce code est clairement identifiable.<\/li>\n<li>La forte pr\u00e9somption en faveur de l\u2019objection de conscience serait \u00e9cart\u00e9e si l\u2019on pouvait montrer que l\u2019acte ou la pratique en question sont tels qu\u2019aucune personne raisonnable ne s\u2019y opposerait dans les circonstances th\u00e9rapeutiques concern\u00e9es.<\/li>\n<li>Les cas de conscience qui font aujourd\u2019hui l\u2019actualit\u00e9 sont presque tous en lien avec le d\u00e9but et la fin de vie\u00a0: contraception et st\u00e9rilisation, avortement, suicide assist\u00e9 et euthanasie. Des personnes raisonnables sont en s\u00e9rieux d\u00e9saccord quant \u00e0 la l\u00e9gitimit\u00e9 de certaines ou de chacune de ces pratiques, et quant \u00e0 l\u2019opportunit\u00e9 de rendre l\u00e9galement contraignante la participation \u00e0 de tels actes.<\/li>\n<li>Ce nonobstant, il est absolument clair que la libert\u00e9 de conscience et de religion <em>ne doit pas<\/em> \u00eatre envisag\u00e9e seulement, ni m\u00eame <em>prioritairement<\/em>, dans la perspective des pratiques qui se trouvent \u00eatre aujourd\u2019hui au c\u0153ur des controverses.<\/li>\n<li>M\u00eame quelqu\u2019un qui conteste l\u2019objection de conscience dans le cas de certaines ou de chacune des pratiques \u00e9num\u00e9r\u00e9es ci-dessus doit se pr\u00e9occuper des controverses qui ne manqueront pas de surgir, et qui d\u2019ailleurs commencent \u00e0 surgir, autour de probl\u00e8mes comme\u00a0: la chirurgie de r\u00e9assignation sexuelle\u00a0; la chirurgie esth\u00e9tique extr\u00eame; diverses formes de reproduction artificielle\u00a0; le clonage\u00a0; la manipulation des g\u00e8nes et les autres formes d\u2019ing\u00e9nierie du g\u00e9nome\u00a0; l\u2019am\u00e9lioration neuro-cognitive\u00a0; l\u2019utilisation de drogues visant \u00e0 l\u2019am\u00e9lioration des performances sportives ou autres\u00a0; la cr\u00e9ation de chim\u00e8res, et un long <em>etcetera<\/em>.<\/li>\n<li>La liste des pratiques et des activit\u00e9s controvers\u00e9es continuera de s\u2019allonger rapidement, en raison du progr\u00e8s des biotechnologies. Si ce n\u2019est pas <em>maintenant<\/em> qu\u2019il faut affirmer son ferme soutien \u00e0 la libert\u00e9 de conscience et de religion, alors nous ne savons pas quand ce sera.<\/li>\n<li>On peut fort bien ne pas \u00eatre inquiet des controverses pr\u00e9sentes ou de celles qui se profilent \u00e0 l\u2019horizon\u00a0; mais on devrait n\u00e9anmoins se pr\u00e9occuper s\u00e9rieusement de ce qui vient d\u2019au-del\u00e0 de cet horizon. Si vous ne prenez pas position <em>maintenant<\/em>, quelle que soit votre opinion sur telle ou telle question particuli\u00e8re, alors, lorsque c\u2019est votre conscience individuelle qui sera menac\u00e9e, il sera probablement trop tard. Qui se l\u00e8vera, \u00e0 ce moment-l\u00e0, pour venir \u00e0 <em>votre<\/em> secours\u00a0?<\/li>\n<li>En ajoutant votre signature \u00e0 la pr\u00e9sente D\u00e9claration, vous affirmez votre soutien \u00e0 l\u2019objection de conscience dans les professions de sant\u00e9, \u00e0 un moment critique de leur \u00e9volution et de celles des attitudes sur le r\u00f4le de la m\u00e9decine dans nos vies.<\/li>\n<\/ol>\n<h2>Signer la D\u00e9claration de soutien \u00e0 l\u2019objection de conscience dans les professions de sant\u00e9<\/h2>\n<p>Manifestez votre soutien en <a href=\"https:\/\/research.reading.ac.uk\/conscientious-objection-in-health-care-declaration\/signer-la-declaration\/\">signant la D\u00e9claration<\/a>.<\/p>\n<\/div>\n<\/div><\/div><\/div><div id=\"pgc-260-0-1\"  class=\"panel-grid-cell\" ><div id=\"panel-260-0-1-0\" class=\"so-panel widget widget_sow-button panel-first-child\" data-index=\"1\" ><div\n\t\t\t\n\t\t\tclass=\"so-widget-sow-button so-widget-sow-button-atom-a43491865cc3-260\"\n\t\t\t\n\t\t><div class=\"ow-button-base ow-button-align-right\">\n\t<a\n\thref=\"https:\/\/research.reading.ac.uk\/conscientious-objection-in-health-care-declaration\/introduction-francais\/\"\n\t\tclass=\"ow-icon-placement-left ow-button-hover\" \t>\n\t\t<span>\n\t\t\t\n\t\t\tIntroduction\t\t<\/span>\n\t<\/a>\n<\/div>\n<\/div><\/div><div id=\"panel-260-0-1-1\" class=\"so-panel widget widget_sow-button\" data-index=\"2\" ><div\n\t\t\t\n\t\t\tclass=\"so-widget-sow-button so-widget-sow-button-atom-a43491865cc3-260\"\n\t\t\t\n\t\t><div class=\"ow-button-base ow-button-align-right\">\n\t<a\n\thref=\"https:\/\/research.reading.ac.uk\/conscientious-objection-in-health-care-declaration\/preambule\/\"\n\t\tclass=\"ow-icon-placement-left ow-button-hover\" \t>\n\t\t<span>\n\t\t\t\n\t\t\tPr\u00e9ambule\t\t<\/span>\n\t<\/a>\n<\/div>\n<\/div><\/div><div id=\"panel-260-0-1-2\" class=\"so-panel widget widget_sow-button\" data-index=\"3\" ><div\n\t\t\t\n\t\t\tclass=\"so-widget-sow-button so-widget-sow-button-atom-a43491865cc3-260\"\n\t\t\t\n\t\t><div class=\"ow-button-base ow-button-align-right\">\n\t<a\n\thref=\"https:\/\/research.reading.ac.uk\/conscientious-objection-in-health-care-declaration\/declaration-2\/\"\n\t\tclass=\"ow-icon-placement-left ow-button-hover\" \t>\n\t\t<span>\n\t\t\t\n\t\t\tD\u00e9claration\t\t<\/span>\n\t<\/a>\n<\/div>\n<\/div><\/div><div id=\"panel-260-0-1-3\" class=\"so-panel widget widget_sow-button\" data-index=\"4\" ><div\n\t\t\t\n\t\t\tclass=\"so-widget-sow-button so-widget-sow-button-atom-a43491865cc3-260\"\n\t\t\t\n\t\t><div class=\"ow-button-base ow-button-align-right\">\n\t<a\n\thref=\"https:\/\/research.reading.ac.uk\/conscientious-objection-in-health-care-declaration\/signer-la-declaration\/\"\n\t\tclass=\"ow-icon-placement-left ow-button-hover\" \t>\n\t\t<span>\n\t\t\t\n\t\t\tSigner la D\u00e9claration\t\t<\/span>\n\t<\/a>\n<\/div>\n<\/div><\/div><div id=\"panel-260-0-1-4\" class=\"so-panel widget widget_sow-button\" data-index=\"5\" ><div\n\t\t\t\n\t\t\tclass=\"so-widget-sow-button so-widget-sow-button-atom-a43491865cc3-260\"\n\t\t\t\n\t\t><div class=\"ow-button-base ow-button-align-right\">\n\t<a\n\thref=\"https:\/\/research.reading.ac.uk\/conscientious-objection-in-health-care-declaration\/signatories-list\/\"\n\t\tclass=\"ow-icon-placement-left ow-button-hover\" \t>\n\t\t<span>\n\t\t\t\n\t\t\tListe des signataires\t\t<\/span>\n\t<\/a>\n<\/div>\n<\/div><\/div><div id=\"panel-260-0-1-5\" class=\"so-panel widget widget_sow-button\" data-index=\"6\" ><div\n\t\t\t\n\t\t\tclass=\"so-widget-sow-button so-widget-sow-button-atom-a43491865cc3-260\"\n\t\t\t\n\t\t><div class=\"ow-button-base ow-button-align-right\">\n\t<a\n\thref=\"https:\/\/research.reading.ac.uk\/conscientious-objection-in-health-care-declaration\/preconisations-politiques\/\"\n\t\tclass=\"ow-icon-placement-left ow-button-hover\" \t>\n\t\t<span>\n\t\t\t\n\t\t\tPr\u00e9conisations politiques\t\t<\/span>\n\t<\/a>\n<\/div>\n<\/div><\/div><div id=\"panel-260-0-1-6\" class=\"so-panel widget widget_sow-button panel-last-child\" data-index=\"7\" ><div\n\t\t\t\n\t\t\tclass=\"so-widget-sow-button so-widget-sow-button-atom-a43491865cc3-260\"\n\t\t\t\n\t\t><div class=\"ow-button-base ow-button-align-right\">\n\t<a\n\thref=\"https:\/\/research.reading.ac.uk\/conscientious-objection-in-health-care-declaration\/questions-frequentes\/\"\n\t\tclass=\"ow-icon-placement-left ow-button-hover\" \t>\n\t\t<span>\n\t\t\t\n\t\t\tQuestions fr\u00e9quentes\t\t<\/span>\n\t<\/a>\n<\/div>\n<\/div><\/div><\/div><\/div><\/div>","protected":false},"excerpt":{"rendered":"<p>\u00a0\u00a0English version La libert\u00e9 de conscience et de religion font partie des droits fondamentaux reconnus dans toute soci\u00e9t\u00e9 libre et d\u00e9mocratique attach\u00e9e au pluralisme et \u00e0 la tol\u00e9rance. La D\u00e9claration&#8230;<a class=\"read-more\" href=\"&#104;&#116;&#116;&#112;&#115;&#58;&#47;&#47;&#114;&#101;&#115;&#101;&#97;&#114;&#99;&#104;&#46;&#114;&#101;&#97;&#100;&#105;&#110;&#103;&#46;&#97;&#99;&#46;&#117;&#107;&#47;&#99;&#111;&#110;&#115;&#99;&#105;&#101;&#110;&#116;&#105;&#111;&#117;&#115;&#45;&#111;&#98;&#106;&#101;&#99;&#116;&#105;&#111;&#110;&#45;&#105;&#110;&#45;&#104;&#101;&#97;&#108;&#116;&#104;&#45;&#99;&#97;&#114;&#101;&#45;&#100;&#101;&#99;&#108;&#97;&#114;&#97;&#116;&#105;&#111;&#110;&#47;&#100;&#101;&#99;&#108;&#97;&#114;&#97;&#116;&#105;&#111;&#110;&#45;&#50;&#47;\">Read More ><\/a><\/p>\n","protected":false},"author":219,"featured_media":0,"parent":0,"menu_order":0,"comment_status":"closed","ping_status":"closed","template":"","meta":{"_acf_changed":false,"_monsterinsights_skip_tracking":false,"_monsterinsights_sitenote_active":false,"_monsterinsights_sitenote_note":"","_monsterinsights_sitenote_category":0,"__cvm_playback_settings":[],"__cvm_video_id":"","footnotes":"","_links_to":"","_links_to_target":""},"class_list":["post-260","page","type-page","status-publish","hentry"],"acf":[],"yoast_head":"<!-- This site is optimized with the Yoast SEO plugin v21.8.1 - https:\/\/yoast.com\/wordpress\/plugins\/seo\/ -->\n<title>D\u00e9claration - Declaration in Support of Conscientious Objection in Health Care<\/title>\n<meta name=\"robots\" content=\"index, follow, max-snippet:-1, max-image-preview:large, max-video-preview:-1\" \/>\n<link rel=\"canonical\" href=\"https:\/\/research.reading.ac.uk\/conscientious-objection-in-health-care-declaration\/declaration-2\/\" \/>\n<meta property=\"og:locale\" content=\"en_GB\" \/>\n<meta property=\"og:type\" content=\"article\" \/>\n<meta property=\"og:title\" content=\"D\u00e9claration - Declaration in Support of Conscientious Objection in Health Care\" \/>\n<meta property=\"og:description\" content=\"\u00a0\u00a0English version La libert\u00e9 de conscience et de religion font partie des droits fondamentaux reconnus dans toute soci\u00e9t\u00e9 libre et d\u00e9mocratique attach\u00e9e au pluralisme et \u00e0 la tol\u00e9rance. La D\u00e9claration...Read More &gt;\" \/>\n<meta property=\"og:url\" content=\"https:\/\/research.reading.ac.uk\/conscientious-objection-in-health-care-declaration\/declaration-2\/\" \/>\n<meta property=\"og:site_name\" content=\"Declaration in Support of Conscientious Objection in Health Care\" \/>\n<meta property=\"article:modified_time\" content=\"2019-03-06T09:58:13+00:00\" \/>\n<meta property=\"og:image\" content=\"https:\/\/research.reading.ac.uk\/conscientious-objection-in-health-care-declaration\/wp-content\/uploads\/sites\/44\/icons\/british-flag-icon.png\" \/>\n<meta name=\"twitter:card\" content=\"summary_large_image\" \/>\n<meta name=\"twitter:label1\" content=\"Estimated reading time\" \/>\n\t<meta name=\"twitter:data1\" content=\"6 minutes\" \/>\n<script type=\"application\/ld+json\" class=\"yoast-schema-graph\">{\"@context\":\"https:\/\/schema.org\",\"@graph\":[{\"@type\":\"WebPage\",\"@id\":\"https:\/\/research.reading.ac.uk\/conscientious-objection-in-health-care-declaration\/declaration-2\/\",\"url\":\"https:\/\/research.reading.ac.uk\/conscientious-objection-in-health-care-declaration\/declaration-2\/\",\"name\":\"D\u00e9claration - Declaration in Support of Conscientious Objection in Health Care\",\"isPartOf\":{\"@id\":\"https:\/\/research.reading.ac.uk\/conscientious-objection-in-health-care-declaration\/#website\"},\"datePublished\":\"2019-03-05T14:46:21+00:00\",\"dateModified\":\"2019-03-06T09:58:13+00:00\",\"breadcrumb\":{\"@id\":\"https:\/\/research.reading.ac.uk\/conscientious-objection-in-health-care-declaration\/declaration-2\/#breadcrumb\"},\"inLanguage\":\"en-GB\",\"potentialAction\":[{\"@type\":\"ReadAction\",\"target\":[\"https:\/\/research.reading.ac.uk\/conscientious-objection-in-health-care-declaration\/declaration-2\/\"]}]},{\"@type\":\"BreadcrumbList\",\"@id\":\"https:\/\/research.reading.ac.uk\/conscientious-objection-in-health-care-declaration\/declaration-2\/#breadcrumb\",\"itemListElement\":[{\"@type\":\"ListItem\",\"position\":1,\"name\":\"Home\",\"item\":\"https:\/\/research.reading.ac.uk\/conscientious-objection-in-health-care-declaration\/\"},{\"@type\":\"ListItem\",\"position\":2,\"name\":\"D\u00e9claration\"}]},{\"@type\":\"WebSite\",\"@id\":\"https:\/\/research.reading.ac.uk\/conscientious-objection-in-health-care-declaration\/#website\",\"url\":\"https:\/\/research.reading.ac.uk\/conscientious-objection-in-health-care-declaration\/\",\"name\":\"Declaration in Support of Conscientious Objection in Health Care\",\"description\":\"\",\"potentialAction\":[{\"@type\":\"SearchAction\",\"target\":{\"@type\":\"EntryPoint\",\"urlTemplate\":\"https:\/\/research.reading.ac.uk\/conscientious-objection-in-health-care-declaration\/?s={search_term_string}\"},\"query-input\":\"required name=search_term_string\"}],\"inLanguage\":\"en-GB\"}]}<\/script>\n<!-- \/ Yoast SEO plugin. -->","yoast_head_json":{"title":"D\u00e9claration - Declaration in Support of Conscientious Objection in Health Care","robots":{"index":"index","follow":"follow","max-snippet":"max-snippet:-1","max-image-preview":"max-image-preview:large","max-video-preview":"max-video-preview:-1"},"canonical":"https:\/\/research.reading.ac.uk\/conscientious-objection-in-health-care-declaration\/declaration-2\/","og_locale":"en_GB","og_type":"article","og_title":"D\u00e9claration - Declaration in Support of Conscientious Objection in Health Care","og_description":"\u00a0\u00a0English version La libert\u00e9 de conscience et de religion font partie des droits fondamentaux reconnus dans toute soci\u00e9t\u00e9 libre et d\u00e9mocratique attach\u00e9e au pluralisme et \u00e0 la tol\u00e9rance. La D\u00e9claration...Read More >","og_url":"https:\/\/research.reading.ac.uk\/conscientious-objection-in-health-care-declaration\/declaration-2\/","og_site_name":"Declaration in Support of Conscientious Objection in Health Care","article_modified_time":"2019-03-06T09:58:13+00:00","og_image":[{"url":"https:\/\/research.reading.ac.uk\/conscientious-objection-in-health-care-declaration\/wp-content\/uploads\/sites\/44\/icons\/british-flag-icon.png"}],"twitter_card":"summary_large_image","twitter_misc":{"Estimated reading time":"6 minutes"},"schema":{"@context":"https:\/\/schema.org","@graph":[{"@type":"WebPage","@id":"https:\/\/research.reading.ac.uk\/conscientious-objection-in-health-care-declaration\/declaration-2\/","url":"https:\/\/research.reading.ac.uk\/conscientious-objection-in-health-care-declaration\/declaration-2\/","name":"D\u00e9claration - Declaration in Support of Conscientious Objection in Health Care","isPartOf":{"@id":"https:\/\/research.reading.ac.uk\/conscientious-objection-in-health-care-declaration\/#website"},"datePublished":"2019-03-05T14:46:21+00:00","dateModified":"2019-03-06T09:58:13+00:00","breadcrumb":{"@id":"https:\/\/research.reading.ac.uk\/conscientious-objection-in-health-care-declaration\/declaration-2\/#breadcrumb"},"inLanguage":"en-GB","potentialAction":[{"@type":"ReadAction","target":["https:\/\/research.reading.ac.uk\/conscientious-objection-in-health-care-declaration\/declaration-2\/"]}]},{"@type":"BreadcrumbList","@id":"https:\/\/research.reading.ac.uk\/conscientious-objection-in-health-care-declaration\/declaration-2\/#breadcrumb","itemListElement":[{"@type":"ListItem","position":1,"name":"Home","item":"https:\/\/research.reading.ac.uk\/conscientious-objection-in-health-care-declaration\/"},{"@type":"ListItem","position":2,"name":"D\u00e9claration"}]},{"@type":"WebSite","@id":"https:\/\/research.reading.ac.uk\/conscientious-objection-in-health-care-declaration\/#website","url":"https:\/\/research.reading.ac.uk\/conscientious-objection-in-health-care-declaration\/","name":"Declaration in Support of Conscientious Objection in Health Care","description":"","potentialAction":[{"@type":"SearchAction","target":{"@type":"EntryPoint","urlTemplate":"https:\/\/research.reading.ac.uk\/conscientious-objection-in-health-care-declaration\/?s={search_term_string}"},"query-input":"required name=search_term_string"}],"inLanguage":"en-GB"}]}},"_links":{"self":[{"href":"https:\/\/research.reading.ac.uk\/conscientious-objection-in-health-care-declaration\/wp-json\/wp\/v2\/pages\/260","targetHints":{"allow":["GET"]}}],"collection":[{"href":"https:\/\/research.reading.ac.uk\/conscientious-objection-in-health-care-declaration\/wp-json\/wp\/v2\/pages"}],"about":[{"href":"https:\/\/research.reading.ac.uk\/conscientious-objection-in-health-care-declaration\/wp-json\/wp\/v2\/types\/page"}],"author":[{"embeddable":true,"href":"https:\/\/research.reading.ac.uk\/conscientious-objection-in-health-care-declaration\/wp-json\/wp\/v2\/users\/219"}],"replies":[{"embeddable":true,"href":"https:\/\/research.reading.ac.uk\/conscientious-objection-in-health-care-declaration\/wp-json\/wp\/v2\/comments?post=260"}],"version-history":[{"count":5,"href":"https:\/\/research.reading.ac.uk\/conscientious-objection-in-health-care-declaration\/wp-json\/wp\/v2\/pages\/260\/revisions"}],"predecessor-version":[{"id":349,"href":"https:\/\/research.reading.ac.uk\/conscientious-objection-in-health-care-declaration\/wp-json\/wp\/v2\/pages\/260\/revisions\/349"}],"wp:attachment":[{"href":"https:\/\/research.reading.ac.uk\/conscientious-objection-in-health-care-declaration\/wp-json\/wp\/v2\/media?parent=260"}],"curies":[{"name":"wp","href":"https:\/\/api.w.org\/{rel}","templated":true}]}}