{"id":81,"date":"2018-03-23T11:37:22","date_gmt":"2018-03-23T11:37:22","guid":{"rendered":"https:\/\/research.reading.ac.uk\/ecologyofcrusading\/?page_id=81"},"modified":"2020-05-13T16:22:09","modified_gmt":"2020-05-13T15:22:09","slug":"people","status":"publish","type":"page","link":"https:\/\/research.reading.ac.uk\/ecologyofcrusading\/people\/","title":{"rendered":"People"},"content":{"rendered":"<p>A considerable number of people in various countries have contributed to the success of this project. This has included the core team, its partners, collaborators and advisors, alongside undergraduate and postgraduate students in multiple institutions who have been involved at various levels, particularly in excavations, and during the various stages of post-excavation analysis.<\/p>\n<h2>Project core team<\/h2>\n<p>The core team has consisted of Aleksander Pluskowski (Principal Investigator), Alexander Brown (palynology), Monika Badura (plant macro-fossils), Krish Seetah (zooarchaeology), Daniel Makowiecki (zooarchaeology), Rowena Banerjea (geoarchaeology), Lisa-Marie Shillito (geoarchaeology), Kevin Hayward (petrography), Marc Jarzebowski (written sources), Kaspars K\u013cavi\u0146\u0161 (written sources) and Juhan Kreem (written sources). All geophysics work for the project was carried out by David Thornley.<\/p>\n<div class=\"carousel-slider-outer carousel-slider-outer-image-carousel carousel-slider-outer-157\" style=\"--carousel-slider-nav-color:#f1f1f1;--carousel-slider-active-nav-color:#00d1b2;--carousel-slider-arrow-size:48px;--carousel-slider-bullet-size:10px\">\n<div id=\"&#039;id-157\" class=\"carousel-slider carousel-slider-157 arrows-visibility-hover dots-visibility-never arrows-outside dots-center dots-square owl-carousel\" data-slide-type=\"image-carousel\" data-owl-settings='{\"nav\":true,\"dots\":false,\"slideBy\":1,\"stagePadding\":0,\"margin\":10,\"loop\":true,\"lazyLoad\":false,\"autoplay\":true,\"autoplayTimeout\":5000,\"autoplaySpeed\":500,\"autoplayHoverPause\":false,\"autoWidth\":false,\"responsive\":{\"300\":{\"items\":1},\"576\":{\"items\":2},\"768\":{\"items\":2},\"1024\":{\"items\":3},\"1280\":{\"items\":4},\"1536\":{\"items\":5}}}'>\n<div class=\"carousel-slider__item\">\n\t<a class=\"magnific-popup\" href=\"https:\/\/research.reading.ac.uk\/ecologyofcrusading\/wp-content\/uploads\/sites\/21\/DSC0475.jpg\" data-width=\"1029\" data-height=\"683\"><img loading=\"lazy\" decoding=\"async\" width=\"1029\" height=\"683\" src=\"https:\/\/research.reading.ac.uk\/ecologyofcrusading\/wp-content\/uploads\/sites\/21\/DSC0475.jpg\" class=\"attachment-full size-full\" alt=\"\" srcset=\"https:\/\/research.reading.ac.uk\/ecologyofcrusading\/wp-content\/uploads\/sites\/21\/DSC0475.jpg 1029w, https:\/\/research.reading.ac.uk\/ecologyofcrusading\/wp-content\/uploads\/sites\/21\/DSC0475-300x199.jpg 300w, https:\/\/research.reading.ac.uk\/ecologyofcrusading\/wp-content\/uploads\/sites\/21\/DSC0475-768x510.jpg 768w, https:\/\/research.reading.ac.uk\/ecologyofcrusading\/wp-content\/uploads\/sites\/21\/DSC0475-1024x680.jpg 1024w\" sizes=\"auto, (max-width: 1029px) 100vw, 1029px\" \/><\/a><\/div>\n\n<div class=\"carousel-slider__item\">\n\t<a class=\"magnific-popup\" href=\"https:\/\/research.reading.ac.uk\/ecologyofcrusading\/wp-content\/uploads\/sites\/21\/DSC8563.jpg\" data-width=\"1029\" data-height=\"683\"><img loading=\"lazy\" decoding=\"async\" width=\"1029\" height=\"683\" src=\"https:\/\/research.reading.ac.uk\/ecologyofcrusading\/wp-content\/uploads\/sites\/21\/DSC8563.jpg\" class=\"attachment-full size-full\" alt=\"\" srcset=\"https:\/\/research.reading.ac.uk\/ecologyofcrusading\/wp-content\/uploads\/sites\/21\/DSC8563.jpg 1029w, https:\/\/research.reading.ac.uk\/ecologyofcrusading\/wp-content\/uploads\/sites\/21\/DSC8563-300x199.jpg 300w, https:\/\/research.reading.ac.uk\/ecologyofcrusading\/wp-content\/uploads\/sites\/21\/DSC8563-768x510.jpg 768w, https:\/\/research.reading.ac.uk\/ecologyofcrusading\/wp-content\/uploads\/sites\/21\/DSC8563-1024x680.jpg 1024w\" sizes=\"auto, (max-width: 1029px) 100vw, 1029px\" \/><\/a><\/div>\n\n<div class=\"carousel-slider__item\">\n\t<a class=\"magnific-popup\" href=\"https:\/\/research.reading.ac.uk\/ecologyofcrusading\/wp-content\/uploads\/sites\/21\/DSC0687.jpg\" data-width=\"1029\" data-height=\"683\"><img loading=\"lazy\" decoding=\"async\" width=\"1029\" height=\"683\" src=\"https:\/\/research.reading.ac.uk\/ecologyofcrusading\/wp-content\/uploads\/sites\/21\/DSC0687.jpg\" class=\"attachment-full size-full\" alt=\"\" srcset=\"https:\/\/research.reading.ac.uk\/ecologyofcrusading\/wp-content\/uploads\/sites\/21\/DSC0687.jpg 1029w, https:\/\/research.reading.ac.uk\/ecologyofcrusading\/wp-content\/uploads\/sites\/21\/DSC0687-300x199.jpg 300w, https:\/\/research.reading.ac.uk\/ecologyofcrusading\/wp-content\/uploads\/sites\/21\/DSC0687-768x510.jpg 768w, https:\/\/research.reading.ac.uk\/ecologyofcrusading\/wp-content\/uploads\/sites\/21\/DSC0687-1024x680.jpg 1024w\" sizes=\"auto, (max-width: 1029px) 100vw, 1029px\" \/><\/a><\/div>\n\n<div class=\"carousel-slider__item\">\n\t<a class=\"magnific-popup\" href=\"https:\/\/research.reading.ac.uk\/ecologyofcrusading\/wp-content\/uploads\/sites\/21\/DSC1517.jpg\" data-width=\"1029\" data-height=\"683\"><img loading=\"lazy\" decoding=\"async\" width=\"1029\" height=\"683\" src=\"https:\/\/research.reading.ac.uk\/ecologyofcrusading\/wp-content\/uploads\/sites\/21\/DSC1517.jpg\" class=\"attachment-full size-full\" alt=\"\" srcset=\"https:\/\/research.reading.ac.uk\/ecologyofcrusading\/wp-content\/uploads\/sites\/21\/DSC1517.jpg 1029w, https:\/\/research.reading.ac.uk\/ecologyofcrusading\/wp-content\/uploads\/sites\/21\/DSC1517-300x199.jpg 300w, https:\/\/research.reading.ac.uk\/ecologyofcrusading\/wp-content\/uploads\/sites\/21\/DSC1517-768x510.jpg 768w, https:\/\/research.reading.ac.uk\/ecologyofcrusading\/wp-content\/uploads\/sites\/21\/DSC1517-1024x680.jpg 1024w\" sizes=\"auto, (max-width: 1029px) 100vw, 1029px\" \/><\/a><\/div>\n\n<div class=\"carousel-slider__item\">\n\t<a class=\"magnific-popup\" href=\"https:\/\/research.reading.ac.uk\/ecologyofcrusading\/wp-content\/uploads\/sites\/21\/DSC6670.jpg\" data-width=\"1029\" data-height=\"683\"><img loading=\"lazy\" decoding=\"async\" width=\"1029\" height=\"683\" src=\"https:\/\/research.reading.ac.uk\/ecologyofcrusading\/wp-content\/uploads\/sites\/21\/DSC6670.jpg\" class=\"attachment-full size-full\" alt=\"\" srcset=\"https:\/\/research.reading.ac.uk\/ecologyofcrusading\/wp-content\/uploads\/sites\/21\/DSC6670.jpg 1029w, https:\/\/research.reading.ac.uk\/ecologyofcrusading\/wp-content\/uploads\/sites\/21\/DSC6670-300x199.jpg 300w, https:\/\/research.reading.ac.uk\/ecologyofcrusading\/wp-content\/uploads\/sites\/21\/DSC6670-768x510.jpg 768w, https:\/\/research.reading.ac.uk\/ecologyofcrusading\/wp-content\/uploads\/sites\/21\/DSC6670-1024x680.jpg 1024w\" sizes=\"auto, (max-width: 1029px) 100vw, 1029px\" \/><\/a><\/div>\n\n<div class=\"carousel-slider__item\">\n\t<a class=\"magnific-popup\" href=\"https:\/\/research.reading.ac.uk\/ecologyofcrusading\/wp-content\/uploads\/sites\/21\/DSC6747.jpg\" data-width=\"1029\" data-height=\"683\"><img loading=\"lazy\" decoding=\"async\" width=\"1029\" height=\"683\" src=\"https:\/\/research.reading.ac.uk\/ecologyofcrusading\/wp-content\/uploads\/sites\/21\/DSC6747.jpg\" class=\"attachment-full size-full\" alt=\"\" srcset=\"https:\/\/research.reading.ac.uk\/ecologyofcrusading\/wp-content\/uploads\/sites\/21\/DSC6747.jpg 1029w, https:\/\/research.reading.ac.uk\/ecologyofcrusading\/wp-content\/uploads\/sites\/21\/DSC6747-300x199.jpg 300w, https:\/\/research.reading.ac.uk\/ecologyofcrusading\/wp-content\/uploads\/sites\/21\/DSC6747-768x510.jpg 768w, https:\/\/research.reading.ac.uk\/ecologyofcrusading\/wp-content\/uploads\/sites\/21\/DSC6747-1024x680.jpg 1024w\" sizes=\"auto, (max-width: 1029px) 100vw, 1029px\" \/><\/a><\/div>\n\n<div class=\"carousel-slider__item\">\n\t<a class=\"magnific-popup\" href=\"https:\/\/research.reading.ac.uk\/ecologyofcrusading\/wp-content\/uploads\/sites\/21\/DSC8328.jpg\" data-width=\"1029\" data-height=\"683\"><img loading=\"lazy\" decoding=\"async\" width=\"1029\" height=\"683\" src=\"https:\/\/research.reading.ac.uk\/ecologyofcrusading\/wp-content\/uploads\/sites\/21\/DSC8328.jpg\" class=\"attachment-full size-full\" alt=\"\" srcset=\"https:\/\/research.reading.ac.uk\/ecologyofcrusading\/wp-content\/uploads\/sites\/21\/DSC8328.jpg 1029w, https:\/\/research.reading.ac.uk\/ecologyofcrusading\/wp-content\/uploads\/sites\/21\/DSC8328-300x199.jpg 300w, https:\/\/research.reading.ac.uk\/ecologyofcrusading\/wp-content\/uploads\/sites\/21\/DSC8328-768x510.jpg 768w, https:\/\/research.reading.ac.uk\/ecologyofcrusading\/wp-content\/uploads\/sites\/21\/DSC8328-1024x680.jpg 1024w\" sizes=\"auto, (max-width: 1029px) 100vw, 1029px\" \/><\/a><\/div>\n\n<div class=\"carousel-slider__item\">\n\t<a class=\"magnific-popup\" href=\"https:\/\/research.reading.ac.uk\/ecologyofcrusading\/wp-content\/uploads\/sites\/21\/DSC8357.jpg\" data-width=\"1029\" data-height=\"683\"><img loading=\"lazy\" decoding=\"async\" width=\"1029\" height=\"683\" src=\"https:\/\/research.reading.ac.uk\/ecologyofcrusading\/wp-content\/uploads\/sites\/21\/DSC8357.jpg\" class=\"attachment-full size-full\" alt=\"\" srcset=\"https:\/\/research.reading.ac.uk\/ecologyofcrusading\/wp-content\/uploads\/sites\/21\/DSC8357.jpg 1029w, https:\/\/research.reading.ac.uk\/ecologyofcrusading\/wp-content\/uploads\/sites\/21\/DSC8357-300x199.jpg 300w, https:\/\/research.reading.ac.uk\/ecologyofcrusading\/wp-content\/uploads\/sites\/21\/DSC8357-768x510.jpg 768w, https:\/\/research.reading.ac.uk\/ecologyofcrusading\/wp-content\/uploads\/sites\/21\/DSC8357-1024x680.jpg 1024w\" sizes=\"auto, (max-width: 1029px) 100vw, 1029px\" \/><\/a><\/div>\n\n<div class=\"carousel-slider__item\">\n\t<a class=\"magnific-popup\" href=\"https:\/\/research.reading.ac.uk\/ecologyofcrusading\/wp-content\/uploads\/sites\/21\/DSC8422.jpg\" data-width=\"1029\" data-height=\"683\"><img loading=\"lazy\" decoding=\"async\" width=\"1029\" height=\"683\" src=\"https:\/\/research.reading.ac.uk\/ecologyofcrusading\/wp-content\/uploads\/sites\/21\/DSC8422.jpg\" class=\"attachment-full size-full\" alt=\"\" srcset=\"https:\/\/research.reading.ac.uk\/ecologyofcrusading\/wp-content\/uploads\/sites\/21\/DSC8422.jpg 1029w, https:\/\/research.reading.ac.uk\/ecologyofcrusading\/wp-content\/uploads\/sites\/21\/DSC8422-300x199.jpg 300w, https:\/\/research.reading.ac.uk\/ecologyofcrusading\/wp-content\/uploads\/sites\/21\/DSC8422-768x510.jpg 768w, https:\/\/research.reading.ac.uk\/ecologyofcrusading\/wp-content\/uploads\/sites\/21\/DSC8422-1024x680.jpg 1024w\" sizes=\"auto, (max-width: 1029px) 100vw, 1029px\" \/><\/a><\/div>\n\n<div class=\"carousel-slider__item\">\n\t<a class=\"magnific-popup\" href=\"https:\/\/research.reading.ac.uk\/ecologyofcrusading\/wp-content\/uploads\/sites\/21\/DSC8570.jpg\" data-width=\"1029\" data-height=\"683\"><img loading=\"lazy\" decoding=\"async\" width=\"1029\" height=\"683\" src=\"https:\/\/research.reading.ac.uk\/ecologyofcrusading\/wp-content\/uploads\/sites\/21\/DSC8570.jpg\" class=\"attachment-full size-full\" alt=\"\" srcset=\"https:\/\/research.reading.ac.uk\/ecologyofcrusading\/wp-content\/uploads\/sites\/21\/DSC8570.jpg 1029w, https:\/\/research.reading.ac.uk\/ecologyofcrusading\/wp-content\/uploads\/sites\/21\/DSC8570-300x199.jpg 300w, https:\/\/research.reading.ac.uk\/ecologyofcrusading\/wp-content\/uploads\/sites\/21\/DSC8570-768x510.jpg 768w, https:\/\/research.reading.ac.uk\/ecologyofcrusading\/wp-content\/uploads\/sites\/21\/DSC8570-1024x680.jpg 1024w\" sizes=\"auto, (max-width: 1029px) 100vw, 1029px\" \/><\/a><\/div>\n\n<\/div><!-- .carousel-slider-157 -->\n<\/div><!-- .carousel-slider-outer-157 -->\n\n<p>&nbsp;<\/p>\n<h2>Project partners<\/h2>\n<p>This project would not have been possible without the tireless support and collegiality of our partners across the eastern Baltic and in the UK. They are listed by country in alphabetical order and grouped according to institution, with co-directors of excavations indicated by *:<\/p>\n<h3>Estonia<\/h3>\n<p>Heiki Valk*, Eve Rannam\u00e4e and Martin Malve (Institute of History and Archaeology, University of Tartu), Lembi L\u00f5ugas (Department of Archaeobiology and Ancient Technology, Institute of History, Tallin University), Siim Veski and Normunds Stivri\u0146\u0161 (Department of Earth Sciences, Tallinn University of Technology).<\/p>\n<h3>Latvia<\/h3>\n<p>Gundars Kalni\u0146\u0161* (C\u0113sis Castle Museum), Zigr\u012bda Apala* and Oskars Uspelis* (Institute of History, University of Latvia), Eva Eihmane (Department of History and Philosophy,\u00a0University\u00a0of\u00a0Latvia), Laimdota Kalnina (Faculty of Geography and Earth Sciences, University of Latvia), M\u0101ris Zunde (Dendrochronological laboratory, Institute of Latvian History), Agris Dzenis (independent), Uldis Kal\u0113js (Architectural Investigation Group Ltd, Riga), Arnis Mugur\u0113vi\u010ds (Faculty of Veterinary Medicine, Latvia University of Agriculture).<\/p>\n<h3>Lithuania<\/h3>\n<p>Linas Daugnora and Vladas \u017dulkus (Institute of Baltic Sea Region History and Archaeology, University of Klaip\u0117da), Roman Shiroukhov (Department of Archaeology, Vilnius University).<\/p>\n<h3>Poland<\/h3>\n<p>Zbigniew Sawicki* and Waldek Jaszczy\u0144ski (Castle Museum in Malbork), Marcin Wiewi\u00f3ra, Adam Ch\u0119\u0107 and Dariusz Poli\u0144ski (Institute of Archaeology, University of Nicolaus Copernicus in Toru\u0144), Maciej Karczewski* and Ma\u0142gorzata Karczewska* (Institute of History, University of Bia\u0142ystok), Maria Kasprzycka, Miros\u0142aw Marcinkowski* and Joanna Fonferek (Archaeology and History Museum in Elbl\u0105g), Katarzyna Pi\u0144ska (Department of Plant Ecology, University of Gda\u0144sk) and Miros\u0142awa Zabilska-Kunek (Institute of Archaeology, University of Rzesz\u00f3w), Seweryn Szczepa\u0144ski (Wojciech K\u0119trzy\u0144ski Research Centre in\u00a0Olsztyn).<\/p>\n<h3>UK<\/h3>\n<p>Gundula M\u00fcldner, Stuart Black and Charlotte Scull (Department of Archaeology, University of Reading); Gary King and Chris Gerrard (Department of Archaeology, University of Durham); Ivy Yeh and Piers Mitchell (Department of Biological Anthropology, University of Cambridge), and Alaina Schmisseur (Department of Archaeology, University of York).<\/p>\n<h2>Steering panel<\/h2>\n<p>The project has benefited from guidance provided by Grenville Astill (Department of Archaeology, University of Reading), J\u00f3zsef Laszlovszky (Central European University, Budapest), Mark Maltby (School of Applied Sciences, Bournemouth University) and Anders Andr\u00e9n (Institute of Archaeology and Classical History, Stockholm University).<\/p>\n<h2>Additional thanks<\/h2>\n<p>Numerous people have been involved at various stages of the project, particularly during excavations and periods of data collection in Poland, Estonia and Latvia. The team would like to particularly thank Magnus Elander, who photographed our fieldwork, sites and associated landscapes, prompting us to think in new ways about our data and the story we were telling. We would also like to thank Roberta Gilchrist, Nick Branch and Dominik Fleitmann (Department of Archaeology, University of Reading), for their continuing advice and support. We would also like to extend our thanks to the staff of the British Library, the libraries of the Castle Museum in Malbork, the Museum of Warmia and Masuria in Olsztyn, the University of Nicolaus Copernicus in Toru\u0144 and the Warburg Institute in London for their help with accessing maps and relevant source material. Finally, we would like to thank all the participants and hosts of the Terra Sacra conference which took place in Riga and C\u0113sis in 17\u201321 September 2014.<\/p>\n","protected":false},"excerpt":{"rendered":"<p>A considerable number of people in various countries have contributed to the success of this project. This has included the core team, its partners, collaborators and advisors, alongside undergraduate and&#8230;<a class=\"read-more\" href=\"&#104;&#116;&#116;&#112;&#115;&#58;&#47;&#47;&#114;&#101;&#115;&#101;&#97;&#114;&#99;&#104;&#46;&#114;&#101;&#97;&#100;&#105;&#110;&#103;&#46;&#97;&#99;&#46;&#117;&#107;&#47;&#101;&#99;&#111;&#108;&#111;&#103;&#121;&#111;&#102;&#99;&#114;&#117;&#115;&#97;&#100;&#105;&#110;&#103;&#47;&#112;&#101;&#111;&#112;&#108;&#101;&#47;\">Read More ><\/a><\/p>\n","protected":false},"author":8,"featured_media":0,"parent":0,"menu_order":0,"comment_status":"closed","ping_status":"closed","template":"","meta":{"_acf_changed":false,"_monsterinsights_skip_tracking":false,"_monsterinsights_sitenote_active":false,"_monsterinsights_sitenote_note":"","_monsterinsights_sitenote_category":0,"__cvm_playback_settings":[],"__cvm_video_id":"","footnotes":"","_links_to":"","_links_to_target":""},"class_list":["post-81","page","type-page","status-publish","hentry"],"acf":[],"yoast_head":"<!-- This site is optimized with the Yoast SEO plugin v21.8.1 - https:\/\/yoast.com\/wordpress\/plugins\/seo\/ -->\n<title>People - Ecology of Crusading<\/title>\n<meta name=\"robots\" content=\"index, follow, max-snippet:-1, max-image-preview:large, max-video-preview:-1\" \/>\n<link rel=\"canonical\" href=\"https:\/\/research.reading.ac.uk\/ecologyofcrusading\/people\/\" \/>\n<meta property=\"og:locale\" content=\"en_GB\" \/>\n<meta property=\"og:type\" content=\"article\" \/>\n<meta property=\"og:title\" content=\"People - Ecology of Crusading\" \/>\n<meta property=\"og:description\" content=\"A considerable number of people in various countries have contributed to the success of this project. This has included the core team, its partners, collaborators and advisors, alongside undergraduate and...Read More &gt;\" \/>\n<meta property=\"og:url\" content=\"https:\/\/research.reading.ac.uk\/ecologyofcrusading\/people\/\" \/>\n<meta property=\"og:site_name\" content=\"Ecology of Crusading\" \/>\n<meta property=\"article:modified_time\" content=\"2020-05-13T15:22:09+00:00\" \/>\n<meta name=\"twitter:card\" content=\"summary_large_image\" \/>\n<meta name=\"twitter:label1\" content=\"Estimated reading time\" \/>\n\t<meta name=\"twitter:data1\" content=\"3 minutes\" \/>\n<script type=\"application\/ld+json\" class=\"yoast-schema-graph\">{\"@context\":\"https:\/\/schema.org\",\"@graph\":[{\"@type\":\"WebPage\",\"@id\":\"https:\/\/research.reading.ac.uk\/ecologyofcrusading\/people\/\",\"url\":\"https:\/\/research.reading.ac.uk\/ecologyofcrusading\/people\/\",\"name\":\"People - Ecology of Crusading\",\"isPartOf\":{\"@id\":\"https:\/\/research.reading.ac.uk\/ecologyofcrusading\/#website\"},\"datePublished\":\"2018-03-23T11:37:22+00:00\",\"dateModified\":\"2020-05-13T15:22:09+00:00\",\"breadcrumb\":{\"@id\":\"https:\/\/research.reading.ac.uk\/ecologyofcrusading\/people\/#breadcrumb\"},\"inLanguage\":\"en-GB\",\"potentialAction\":[{\"@type\":\"ReadAction\",\"target\":[\"https:\/\/research.reading.ac.uk\/ecologyofcrusading\/people\/\"]}]},{\"@type\":\"BreadcrumbList\",\"@id\":\"https:\/\/research.reading.ac.uk\/ecologyofcrusading\/people\/#breadcrumb\",\"itemListElement\":[{\"@type\":\"ListItem\",\"position\":1,\"name\":\"Home\",\"item\":\"https:\/\/research.reading.ac.uk\/ecologyofcrusading\/\"},{\"@type\":\"ListItem\",\"position\":2,\"name\":\"People\"}]},{\"@type\":\"WebSite\",\"@id\":\"https:\/\/research.reading.ac.uk\/ecologyofcrusading\/#website\",\"url\":\"https:\/\/research.reading.ac.uk\/ecologyofcrusading\/\",\"name\":\"Ecology of Crusading\",\"description\":\"\",\"potentialAction\":[{\"@type\":\"SearchAction\",\"target\":{\"@type\":\"EntryPoint\",\"urlTemplate\":\"https:\/\/research.reading.ac.uk\/ecologyofcrusading\/?s={search_term_string}\"},\"query-input\":\"required name=search_term_string\"}],\"inLanguage\":\"en-GB\"}]}<\/script>\n<!-- \/ Yoast SEO plugin. -->","yoast_head_json":{"title":"People - Ecology of Crusading","robots":{"index":"index","follow":"follow","max-snippet":"max-snippet:-1","max-image-preview":"max-image-preview:large","max-video-preview":"max-video-preview:-1"},"canonical":"https:\/\/research.reading.ac.uk\/ecologyofcrusading\/people\/","og_locale":"en_GB","og_type":"article","og_title":"People - Ecology of Crusading","og_description":"A considerable number of people in various countries have contributed to the success of this project. This has included the core team, its partners, collaborators and advisors, alongside undergraduate and...Read More >","og_url":"https:\/\/research.reading.ac.uk\/ecologyofcrusading\/people\/","og_site_name":"Ecology of Crusading","article_modified_time":"2020-05-13T15:22:09+00:00","twitter_card":"summary_large_image","twitter_misc":{"Estimated reading time":"3 minutes"},"schema":{"@context":"https:\/\/schema.org","@graph":[{"@type":"WebPage","@id":"https:\/\/research.reading.ac.uk\/ecologyofcrusading\/people\/","url":"https:\/\/research.reading.ac.uk\/ecologyofcrusading\/people\/","name":"People - Ecology of Crusading","isPartOf":{"@id":"https:\/\/research.reading.ac.uk\/ecologyofcrusading\/#website"},"datePublished":"2018-03-23T11:37:22+00:00","dateModified":"2020-05-13T15:22:09+00:00","breadcrumb":{"@id":"https:\/\/research.reading.ac.uk\/ecologyofcrusading\/people\/#breadcrumb"},"inLanguage":"en-GB","potentialAction":[{"@type":"ReadAction","target":["https:\/\/research.reading.ac.uk\/ecologyofcrusading\/people\/"]}]},{"@type":"BreadcrumbList","@id":"https:\/\/research.reading.ac.uk\/ecologyofcrusading\/people\/#breadcrumb","itemListElement":[{"@type":"ListItem","position":1,"name":"Home","item":"https:\/\/research.reading.ac.uk\/ecologyofcrusading\/"},{"@type":"ListItem","position":2,"name":"People"}]},{"@type":"WebSite","@id":"https:\/\/research.reading.ac.uk\/ecologyofcrusading\/#website","url":"https:\/\/research.reading.ac.uk\/ecologyofcrusading\/","name":"Ecology of Crusading","description":"","potentialAction":[{"@type":"SearchAction","target":{"@type":"EntryPoint","urlTemplate":"https:\/\/research.reading.ac.uk\/ecologyofcrusading\/?s={search_term_string}"},"query-input":"required name=search_term_string"}],"inLanguage":"en-GB"}]}},"_links":{"self":[{"href":"https:\/\/research.reading.ac.uk\/ecologyofcrusading\/wp-json\/wp\/v2\/pages\/81","targetHints":{"allow":["GET"]}}],"collection":[{"href":"https:\/\/research.reading.ac.uk\/ecologyofcrusading\/wp-json\/wp\/v2\/pages"}],"about":[{"href":"https:\/\/research.reading.ac.uk\/ecologyofcrusading\/wp-json\/wp\/v2\/types\/page"}],"author":[{"embeddable":true,"href":"https:\/\/research.reading.ac.uk\/ecologyofcrusading\/wp-json\/wp\/v2\/users\/8"}],"replies":[{"embeddable":true,"href":"https:\/\/research.reading.ac.uk\/ecologyofcrusading\/wp-json\/wp\/v2\/comments?post=81"}],"version-history":[{"count":4,"href":"https:\/\/research.reading.ac.uk\/ecologyofcrusading\/wp-json\/wp\/v2\/pages\/81\/revisions"}],"predecessor-version":[{"id":171,"href":"https:\/\/research.reading.ac.uk\/ecologyofcrusading\/wp-json\/wp\/v2\/pages\/81\/revisions\/171"}],"wp:attachment":[{"href":"https:\/\/research.reading.ac.uk\/ecologyofcrusading\/wp-json\/wp\/v2\/media?parent=81"}],"curies":[{"name":"wp","href":"https:\/\/api.w.org\/{rel}","templated":true}]}}