{"id":360,"date":"2018-09-12T11:04:15","date_gmt":"2018-09-12T10:04:15","guid":{"rendered":"https:\/\/research.reading.ac.uk\/psylinglab\/?page_id=360"},"modified":"2025-09-15T10:23:03","modified_gmt":"2025-09-15T09:23:03","slug":"language-development","status":"publish","type":"page","link":"https:\/\/research.reading.ac.uk\/psylinglab\/ourresearch\/language-development\/","title":{"rendered":"Language Development"},"content":{"rendered":"<p style=\"text-align: justify\"><img loading=\"lazy\" decoding=\"async\" class=\"alignnone size-medium wp-image-630 alignright\" src=\"https:\/\/research.reading.ac.uk\/psylinglab\/wp-content\/uploads\/sites\/25\/Lab-Pictures\/developmental-300x225.jpg\" alt=\"\" width=\"300\" height=\"225\" srcset=\"https:\/\/research.reading.ac.uk\/psylinglab\/wp-content\/uploads\/sites\/25\/Lab-Pictures\/developmental-300x225.jpg 300w, https:\/\/research.reading.ac.uk\/psylinglab\/wp-content\/uploads\/sites\/25\/Lab-Pictures\/developmental-768x576.jpg 768w, https:\/\/research.reading.ac.uk\/psylinglab\/wp-content\/uploads\/sites\/25\/Lab-Pictures\/developmental.jpg 1024w\" sizes=\"auto, (max-width: 300px) 100vw, 300px\" \/>Our research in language development examines the factors that influence successful language acquisition during childhood. Our research in this field also examines how language development may be impaired in different populations of speakers. For example, one recent study investigated artificial grammar learning in children with Williams Syndrome.<\/p>\n<p style=\"text-align: justify\">In close links to our work in <a href=\"https:\/\/research.reading.ac.uk\/psylinglab\/ourresearch\/multilingualism\/\">Bi-\/Multilingualism<\/a>, much of our work in language development also investigates bilingual and multilingual language acquisition in childhood. This work also has close links to the <a href=\"https:\/\/www.reading.ac.uk\/celm\/\" target=\"_blank\" rel=\"noopener noreferrer\">Centre for Literacy and Multilingualism<\/a>.<\/p>\n<p style=\"text-align: justify\"><strong>Representative Publications<br \/>\n<\/strong><span class=\"person orcid-person\"><span class=\"person_name\">Page, D.<\/span><\/span>,\u00a0<span class=\"person orcid-person\"><span class=\"person_name\">Flynn, N.<\/span><\/span>,\u00a0<span class=\"person_name\">Dinneen, A.<\/span> &amp;\u00a0<span class=\"person orcid-person\"><span class=\"person_name\">Serratrice, L.<\/span>\u00a0<\/span>(2025). <a href=\"https:\/\/doi.org\/10.1080\/01434632.2025.2541070\" target=\"_blank\" rel=\"noopener\">Exploring intercultural competence in children: the role of the Young Interpreter Scheme.<\/a> <em>Journal of Multilingual and Multicultural Development.<\/em> Available online.<\/p>\n<p style=\"text-align: justify\"><span class=\"person_name\">Wesierska, M.<\/span>,\u00a0<span class=\"person orcid-person\"><span class=\"person_name\">Serratrice, L.<\/span><\/span>,\u00a0<span class=\"reading_name_964bca11afb56bf0f53d20b7081c5b4d\"><span class=\"person_name\">Cieplinska, V.<\/span><\/span> &amp;\u00a0<span class=\"person_name\">Messenger, K.<\/span> (2025). <a href=\"https:\/\/doi.org\/10.1017\/S1366728924000099\" target=\"_blank\" rel=\"noopener\">Investigating crosslinguistic representations in Polish\u2013English bilingual children: evidence from structural priming.<\/a> <em>Bilingualism: Language and Cognition<\/em>, 28, 75-89.<\/p>\n<p style=\"text-align: justify\"><span class=\"reading_name_d1f488958ed9e136979276c059ee12b5\"><span class=\"person_name\">Pontikas<\/span><span class=\"person_name\">, <\/span><span class=\"person_name\">G.<\/span><\/span>,\u00a0<span class=\"person orcid-person\"><span class=\"person_name\">Cunnings, I.<\/span>\u00a0<\/span> &amp;\u00a0<span class=\"reading_name_715bd2b2ca2808a2cf11eb5af33f114a\"><span class=\"person_name\">Marinis, T.<\/span><\/span> (2024).\u00a0<a href=\"https:\/\/doi.org\/10.1075\/lab.22104.pon\" target=\"_blank\" rel=\"noopener\">Sentence processing in bilingual children: Evidence from garden-path sentences<em>.<\/em><\/a> <em>Linguistic Approaches to Bilingualism, 14, <\/em>476-511.<\/p>\n<p style=\"text-align: justify\"><span id=\"creators_name_114330_init\"><span class=\"person_name\">Wilson, E.<\/span>,\u00a0<span class=\"person_name\">Cain, K.<\/span>,\u00a0<span class=\"person_name\">Davies, C.<\/span>,\u00a0<span class=\"person_name\">Gibson, J.<\/span>,\u00a0<span class=\"person orcid-person\"><span class=\"person_name\">Joseph, H.<\/span><\/span>,\u00a0<span class=\"person orcid-person\"><span class=\"person_name\">Serratrice, L.<\/span><\/span> &amp;\u00a0<span class=\"person_name\">Vogelzang, M.<\/span><\/span> (2024). <a href=\"https:\/\/doi.org\/10.34842\/89as-7d31\" target=\"_blank\" rel=\"noopener\">Children\u2019s development of conversational and reading inference skills: a call for a collaborative approach.<\/a> <em>Language Development Research<\/em>, 4, 42-79.<\/p>\n<p style=\"text-align: justify\">Zhao, C., Serratrice, L., Lieven, E., Steele, C., Malik, N., An, Y., Hayden, E., Neumegen, J., &amp; Cameron-Faulkner, T. (2024). <a href=\"https:\/\/doi.org\/10.1177\/01427237241259065\" target=\"_blank\" rel=\"noopener\">Communicative function in child directed speech: A cross-cultural analysis<\/a>.\u00a0<i>First Language<\/i>,\u00a0<i>44<\/i>, 395-421.<\/p>\n<p style=\"text-align: justify\">Pontikas, G., Cunnings, I., &amp; Marinis, T. (2023). <a href=\"https:\/\/doi.org\/10.1017\/S0305000922000253\" target=\"_blank\" rel=\"noopener\">Online processing of which questions in bilingual children: Evidence from eye-tracking.<\/a> <em>Journal of Child Language, 50,<\/em> 1082-1118.<\/p>\n<p style=\"text-align: justify\">Wright, E., Stojanovik, V. &amp; Serratrice, L. (2023). <a href=\"https:\/\/doi.org\/10.1080\/14643154.2022.2062096\" target=\"_blank\" rel=\"noopener\">Deaf children with spoken language bilingualism: professional guidance to parents.<\/a> <em>Deafness &amp; Education International, 25,<\/em> 21-39.<\/p>\n<p style=\"text-align: justify\">Wright, E., Stojanovik, V. &amp; Serratrice, L. (2023). <a href=\"https:\/\/doi.org\/10.1080\/14643154.2022.2143608\" target=\"_blank\" rel=\"noopener\">Spoken language multilingualism in deaf children: parental decision-making.<\/a> <em>Deafness &amp; Education International, 25,<\/em> 81-100.<\/p>\n<p style=\"text-align: justify\">Ka\u0161\u0107elan, D., Pr\u00e9vost, P., Serratrice, L., Tuller, L., Unsworth, S., &amp; De Cat, C. (2022). <a href=\"https:\/\/doi.org\/10.1017\/S1366728921000390\" target=\"_blank\" rel=\"noopener\">A review of questionnaires quantifying bilingual experience in children: Do they document the same constructs?<\/a> <em>Bilingualism: Language and Cognition, 25<\/em>, 29-41.<\/p>\n<p style=\"text-align: justify\">Cameron\u2010Faulkner, T. , Malik, N., Steele, C., Coretta, S. , Serratrice, L. and Lieven, E. (2021). <a href=\"https:\/\/doi.org\/10.1111\/cdev.13406\" target=\"_blank\" rel=\"noopener\">A cross\u2010cultural analysis of early prelinguistic gesture development and its relationship to language development.<\/a> <em>Child Development, 92,\u00a0<\/em>273-290.<\/p>\n<p style=\"text-align: justify\">Valentini, A. and Serratrice, L. (2021). <a href=\"https:\/\/doi.org\/10.1111\/cogs.13062\" target=\"_blank\" rel=\"noopener\">What can bilingual children tell us about the developmental relationship between vocabulary and grammar?<\/a>\u00a0<em>Cognitive Science<\/em>, <em>45, <\/em>e13062.<\/p>\n<p style=\"text-align: justify\">Macdonald, R., Brandt, S., Theakston, A., Lieven, E. and Serratrice, L. (2020). <a href=\"https:\/\/doi.org\/10.1111\/cogs.12874\" target=\"_blank\" rel=\"noopener\">The role of animacy in children&#8217;s interpretation of relative clauses in English: evidence from sentence-picture matching and eye movements.<\/a> <em>Cognitive Science, 44,<\/em> e12879.<\/p>\n<p style=\"text-align: justify\">Serratrice, L. and De Cat, C. (2020). <a href=\"https:\/\/doi.org\/10.1017\/S1366728918000962\" target=\"_blank\" rel=\"noopener noreferrer\">Individual differences in the production of referential expressions: The effect of language proficiency, language exposure and executive function in bilingual and monolingual children.<\/a> <em>Bilingualism: Language and Cognition, 23,\u00a0<\/em>371-386.<\/p>\n<p style=\"text-align: justify\">Vender, M., Krivochen, D., Phillips, B., Saddy, D. and Delfitto, D. (2019). <a href=\"https:\/\/doi.org\/10.3389\/fpsyg.2019.01647\" target=\"_blank\" rel=\"noopener noreferrer\">Implicit learning, bilingualism, and dyslexia: insights from a study assessing AGL with a modified Simon task.<\/a> <em>Frontiers in Psychology, 10,<\/em> 1647.<\/p>\n<p style=\"text-align: justify\">Stojanovik, V., Zimmerer, V., Setter, J., Hudson, K., Poyraz-Bilgin, I. and Saddy, D. (2018).\u00a0<a href=\"https:\/\/doi.org\/10.1017\/S0142716417000212\" target=\"_blank\" rel=\"noopener noreferrer\">Artificial grammar learning in Williams syndrome and in typical development: the role of rules, familiarity and prosodic cues.<\/a> <em>Applied Psycholinguistics, 39,<\/em> 327-353.<\/p>\n<p style=\"text-align: justify\">Herve, C. and Serratrice, L. (2018). <a href=\"https:\/\/doi.org\/10.1017\/S0305000917000459\" target=\"_blank\" rel=\"noopener noreferrer\">The development of determiners in the context of French-English bilingualism: a study of cross-linguistic influence.<\/a> <em>Journal of Child Language, 45,\u00a0<\/em>767-787.<\/p>\n<p style=\"text-align: justify\">Marinis, T., Armon-Lotem, S. and Pontikas, G. (2017). <a href=\"https:\/\/doi.org\/10.1075\/lab.00001.mar\" target=\"_blank\" rel=\"noopener noreferrer\">Language impairment in bilingual children: state of the art 2017.<\/a> Linguistic Approaches to Bilingualism, 7, 3-4. 265-276.<\/p>\n<p style=\"text-align: justify\">Herve, C., Serratrice, L. and Corley, M. (2016). <a href=\"https:\/\/doi.org\/10.1017\/S1366728915000401\" target=\"_blank\" rel=\"noopener noreferrer\">Dislocations in French\u2013English bilingual children: an elicitation study.<\/a> <em>Bilingualism: Language and Cognition, 19<\/em>, 987-1000.<\/p>\n<p style=\"text-align: justify\">Hesketh, A., Serratrice, L. and Ashworth, R. (2016). <a href=\"https:\/\/doi.org\/10.1080\/15475441.2016.1162721\" target=\"_blank\" rel=\"noopener noreferrer\">Encouraging use of subordination in children\u2019s narratives: a classroom-based priming study.<\/a> <em>Language Learning and Development, 12<\/em>, 413-428.<\/p>\n","protected":false},"excerpt":{"rendered":"<p>Our research in language development examines the factors that influence successful language acquisition during childhood. Our research in this field also examines how language development may be impaired in different&#8230;<a class=\"read-more\" href=\"&#104;&#116;&#116;&#112;&#115;&#58;&#47;&#47;&#114;&#101;&#115;&#101;&#97;&#114;&#99;&#104;&#46;&#114;&#101;&#97;&#100;&#105;&#110;&#103;&#46;&#97;&#99;&#46;&#117;&#107;&#47;&#112;&#115;&#121;&#108;&#105;&#110;&#103;&#108;&#97;&#98;&#47;&#111;&#117;&#114;&#114;&#101;&#115;&#101;&#97;&#114;&#99;&#104;&#47;&#108;&#97;&#110;&#103;&#117;&#97;&#103;&#101;&#45;&#100;&#101;&#118;&#101;&#108;&#111;&#112;&#109;&#101;&#110;&#116;&#47;\">Read More ><\/a><\/p>\n","protected":false},"author":24,"featured_media":0,"parent":23,"menu_order":12,"comment_status":"closed","ping_status":"closed","template":"","meta":{"_acf_changed":false,"_monsterinsights_skip_tracking":false,"_monsterinsights_sitenote_active":false,"_monsterinsights_sitenote_note":"","_monsterinsights_sitenote_category":0,"__cvm_playback_settings":[],"__cvm_video_id":"","footnotes":"","_links_to":"","_links_to_target":""},"class_list":["post-360","page","type-page","status-publish","hentry"],"acf":[],"yoast_head":"<!-- This site is optimized with the Yoast SEO plugin v21.8.1 - https:\/\/yoast.com\/wordpress\/plugins\/seo\/ -->\n<title>Language Development - Psycholinguistics and Neurolinguistics Lab<\/title>\n<meta name=\"robots\" content=\"index, follow, max-snippet:-1, max-image-preview:large, max-video-preview:-1\" \/>\n<link rel=\"canonical\" href=\"https:\/\/research.reading.ac.uk\/psylinglab\/ourresearch\/language-development\/\" \/>\n<meta property=\"og:locale\" content=\"en_GB\" \/>\n<meta property=\"og:type\" content=\"article\" \/>\n<meta property=\"og:title\" content=\"Language Development - Psycholinguistics and Neurolinguistics Lab\" \/>\n<meta property=\"og:description\" content=\"Our research in language development examines the factors that influence successful language acquisition during childhood. Our research in this field also examines how language development may be impaired in different...Read More &gt;\" \/>\n<meta property=\"og:url\" content=\"https:\/\/research.reading.ac.uk\/psylinglab\/ourresearch\/language-development\/\" \/>\n<meta property=\"og:site_name\" content=\"Psycholinguistics and Neurolinguistics Lab\" \/>\n<meta property=\"article:modified_time\" content=\"2025-09-15T09:23:03+00:00\" \/>\n<meta property=\"og:image\" content=\"https:\/\/research.reading.ac.uk\/psylinglab\/wp-content\/uploads\/sites\/25\/Lab-Pictures\/developmental-300x225.jpg\" \/>\n<meta name=\"twitter:card\" content=\"summary_large_image\" \/>\n<meta name=\"twitter:label1\" content=\"Estimated reading time\" \/>\n\t<meta name=\"twitter:data1\" content=\"3 minutes\" \/>\n<script type=\"application\/ld+json\" class=\"yoast-schema-graph\">{\"@context\":\"https:\/\/schema.org\",\"@graph\":[{\"@type\":\"WebPage\",\"@id\":\"https:\/\/research.reading.ac.uk\/psylinglab\/ourresearch\/language-development\/\",\"url\":\"https:\/\/research.reading.ac.uk\/psylinglab\/ourresearch\/language-development\/\",\"name\":\"Language Development - Psycholinguistics and Neurolinguistics Lab\",\"isPartOf\":{\"@id\":\"https:\/\/research.reading.ac.uk\/psylinglab\/#website\"},\"datePublished\":\"2018-09-12T10:04:15+00:00\",\"dateModified\":\"2025-09-15T09:23:03+00:00\",\"breadcrumb\":{\"@id\":\"https:\/\/research.reading.ac.uk\/psylinglab\/ourresearch\/language-development\/#breadcrumb\"},\"inLanguage\":\"en-GB\",\"potentialAction\":[{\"@type\":\"ReadAction\",\"target\":[\"https:\/\/research.reading.ac.uk\/psylinglab\/ourresearch\/language-development\/\"]}]},{\"@type\":\"BreadcrumbList\",\"@id\":\"https:\/\/research.reading.ac.uk\/psylinglab\/ourresearch\/language-development\/#breadcrumb\",\"itemListElement\":[{\"@type\":\"ListItem\",\"position\":1,\"name\":\"Home\",\"item\":\"https:\/\/research.reading.ac.uk\/psylinglab\/\"},{\"@type\":\"ListItem\",\"position\":2,\"name\":\"Our Research\",\"item\":\"https:\/\/research.reading.ac.uk\/psylinglab\/ourresearch\/\"},{\"@type\":\"ListItem\",\"position\":3,\"name\":\"Language Development\"}]},{\"@type\":\"WebSite\",\"@id\":\"https:\/\/research.reading.ac.uk\/psylinglab\/#website\",\"url\":\"https:\/\/research.reading.ac.uk\/psylinglab\/\",\"name\":\"Psycholinguistics and Neurolinguistics Lab\",\"description\":\"University of Reading\",\"potentialAction\":[{\"@type\":\"SearchAction\",\"target\":{\"@type\":\"EntryPoint\",\"urlTemplate\":\"https:\/\/research.reading.ac.uk\/psylinglab\/?s={search_term_string}\"},\"query-input\":\"required name=search_term_string\"}],\"inLanguage\":\"en-GB\"}]}<\/script>\n<!-- \/ Yoast SEO plugin. -->","yoast_head_json":{"title":"Language Development - Psycholinguistics and Neurolinguistics Lab","robots":{"index":"index","follow":"follow","max-snippet":"max-snippet:-1","max-image-preview":"max-image-preview:large","max-video-preview":"max-video-preview:-1"},"canonical":"https:\/\/research.reading.ac.uk\/psylinglab\/ourresearch\/language-development\/","og_locale":"en_GB","og_type":"article","og_title":"Language Development - Psycholinguistics and Neurolinguistics Lab","og_description":"Our research in language development examines the factors that influence successful language acquisition during childhood. Our research in this field also examines how language development may be impaired in different...Read More >","og_url":"https:\/\/research.reading.ac.uk\/psylinglab\/ourresearch\/language-development\/","og_site_name":"Psycholinguistics and Neurolinguistics Lab","article_modified_time":"2025-09-15T09:23:03+00:00","og_image":[{"url":"https:\/\/research.reading.ac.uk\/psylinglab\/wp-content\/uploads\/sites\/25\/Lab-Pictures\/developmental-300x225.jpg"}],"twitter_card":"summary_large_image","twitter_misc":{"Estimated reading time":"3 minutes"},"schema":{"@context":"https:\/\/schema.org","@graph":[{"@type":"WebPage","@id":"https:\/\/research.reading.ac.uk\/psylinglab\/ourresearch\/language-development\/","url":"https:\/\/research.reading.ac.uk\/psylinglab\/ourresearch\/language-development\/","name":"Language Development - Psycholinguistics and Neurolinguistics Lab","isPartOf":{"@id":"https:\/\/research.reading.ac.uk\/psylinglab\/#website"},"datePublished":"2018-09-12T10:04:15+00:00","dateModified":"2025-09-15T09:23:03+00:00","breadcrumb":{"@id":"https:\/\/research.reading.ac.uk\/psylinglab\/ourresearch\/language-development\/#breadcrumb"},"inLanguage":"en-GB","potentialAction":[{"@type":"ReadAction","target":["https:\/\/research.reading.ac.uk\/psylinglab\/ourresearch\/language-development\/"]}]},{"@type":"BreadcrumbList","@id":"https:\/\/research.reading.ac.uk\/psylinglab\/ourresearch\/language-development\/#breadcrumb","itemListElement":[{"@type":"ListItem","position":1,"name":"Home","item":"https:\/\/research.reading.ac.uk\/psylinglab\/"},{"@type":"ListItem","position":2,"name":"Our Research","item":"https:\/\/research.reading.ac.uk\/psylinglab\/ourresearch\/"},{"@type":"ListItem","position":3,"name":"Language Development"}]},{"@type":"WebSite","@id":"https:\/\/research.reading.ac.uk\/psylinglab\/#website","url":"https:\/\/research.reading.ac.uk\/psylinglab\/","name":"Psycholinguistics and Neurolinguistics Lab","description":"University of Reading","potentialAction":[{"@type":"SearchAction","target":{"@type":"EntryPoint","urlTemplate":"https:\/\/research.reading.ac.uk\/psylinglab\/?s={search_term_string}"},"query-input":"required name=search_term_string"}],"inLanguage":"en-GB"}]}},"_links":{"self":[{"href":"https:\/\/research.reading.ac.uk\/psylinglab\/wp-json\/wp\/v2\/pages\/360","targetHints":{"allow":["GET"]}}],"collection":[{"href":"https:\/\/research.reading.ac.uk\/psylinglab\/wp-json\/wp\/v2\/pages"}],"about":[{"href":"https:\/\/research.reading.ac.uk\/psylinglab\/wp-json\/wp\/v2\/types\/page"}],"author":[{"embeddable":true,"href":"https:\/\/research.reading.ac.uk\/psylinglab\/wp-json\/wp\/v2\/users\/24"}],"replies":[{"embeddable":true,"href":"https:\/\/research.reading.ac.uk\/psylinglab\/wp-json\/wp\/v2\/comments?post=360"}],"version-history":[{"count":10,"href":"https:\/\/research.reading.ac.uk\/psylinglab\/wp-json\/wp\/v2\/pages\/360\/revisions"}],"predecessor-version":[{"id":2234,"href":"https:\/\/research.reading.ac.uk\/psylinglab\/wp-json\/wp\/v2\/pages\/360\/revisions\/2234"}],"up":[{"embeddable":true,"href":"https:\/\/research.reading.ac.uk\/psylinglab\/wp-json\/wp\/v2\/pages\/23"}],"wp:attachment":[{"href":"https:\/\/research.reading.ac.uk\/psylinglab\/wp-json\/wp\/v2\/media?parent=360"}],"curies":[{"name":"wp","href":"https:\/\/api.w.org\/{rel}","templated":true}]}}