{"id":31,"date":"2018-05-25T09:19:28","date_gmt":"2018-05-25T08:19:28","guid":{"rendered":"https:\/\/research.reading.ac.uk\/re-conquest\/?page_id=31"},"modified":"2021-09-24T09:57:41","modified_gmt":"2021-09-24T08:57:41","slug":"our-publications","status":"publish","type":"page","link":"https:\/\/research.reading.ac.uk\/re-conquest\/section-2\/our-publications\/","title":{"rendered":"Our Publications"},"content":{"rendered":"<p>[vc_row][vc_column][vc_column_text]Below are publications from our pilot studies and earlier work that are related to the exploration of medieval frontiers in south-western Europe. We will be publishing interim reports and specialist studies over the course of the project, but our principal outputs, including a book, will be ready by the end of 2023.<\/p>\n<p><strong>Iberian frontiers<\/strong><\/p>\n<p><a href=\"http:\/\/www.academia.edu\/38209690\/Poblamiento_rural_y_gestio_n_del_agua_en_la_Marca_Media_de_al-Andalus_El_Val_de_la_Riva_en_el_Alto_Henares\"><span lang=\"ES\">Garc\u00eda-Contreras Ruiz<\/span><span lang=\"ES\">, G. 2018. &#8216;<\/span>Poblamiento rural y gesti\u00f3n del agua en la Marca Media de al-Andalus: El \u2018Val de la Riva\u2019 en el Alto Henares&#8217;,<span lang=\"ES\">\u00a0in G. Garc\u00eda-Contreras Ruiz and L. Olmo Encisco (eds.),\u00a0<i>Arqueolog\u00eda Medieval en Guadalajara. Agua, paisaje y cultura material<\/i>, Granada, Editorial Alhulia: 199\u2013231.<\/span><\/a><\/p>\n<p><a href=\"http:\/\/www.academia.edu\/37466334\/Feudalizaci%C3%B3n_y_cambio_ecol%C3%B3gico_en_el_sector_oriental_de_la_Extremadura_castellana_poblamiento_y_paisaje_en_los_territorios_de_Atienza_Sig%C3%BCenza_y_Molina_siglos_XI-XIII_\"><span lang=\"ES\">Garc\u00eda-Contreras Ruiz, <\/span><span lang=\"ES\">G. 2018. &#8216;Feudalizaci\u00f3n y cambio ecol\u00f3gico en el sector oriental de la Extremadura castellana: poblamiento y paisaje en los territorios de Atienza, Sig\u00fcenza y Molina (siglos XI-XIII)&#8217;, in J. Torr\u00f3 and E. Guinot (eds.), <i>Trigo y Ovejas. El impacto de las conquistas en los paisajes de al-Andalus (siglos XI-XVI)<\/i>, Valencia: Universitat de Val\u00e8ncia, 51\u201376.<\/span><\/a><\/p>\n<p><a href=\"http:\/\/antiquity.ac.uk\/projgall\/ruiz349\">Garc\u00eda-Contreras Ruiz, G. Banerjea, R. Y. Brown, A. D. and Pluskowski, A. G. 2016. &#8216;Molina de Arag\u00f3n: archaeological investigations of environmental change on the frontiers of medieval Iberia&#8217;, <em>Antiquity<\/em> 349\/90<\/a>.<\/p>\n<p>Garc\u00eda-Contreras Ruiz, G. 2016. \u2018Where is power in a marginal and border area? Northern Guadalajara in the times of al-Andalus (8th\u201311th centuries)\u2019, in A. F\u00e1bregas and F. Sabat\u00e9 (eds.),<a href=\"http:\/\/www.brepols.net\/Pages\/ShowProduct.aspx?prod_id=IS-9782503553429-1\"> <em>Power and Rural Communities in al-Andalus. Ideological and Material Representations<\/em><\/a>, Turnhout: Brepols, 53\u201384.<\/p>\n<p><strong>Diet and ethnicity in medieval Iberia<\/strong><\/p>\n<p><a href=\"https:\/\/link.springer.com\/article\/10.1007\/s12520-019-00810-x\">Alexander, M. Guti\u00e9rrez, A. Millard, A. R. Richards, M. P. and Gerrard, C. M. 2019. &#8216;Economic and socio-cultural consequences of changing political rule on human and faunal diets in medieval Valencia (c. fifth\u2013fifteenth century AD) as evidenced by stable isotopes&#8217;, <em>Archaeological and Anthropological Sciences<\/em> 1-19.<\/a><\/p>\n<p>Alexander, M. 2016. &#8216;The application of stable isotope analysis to explore diets in late medieval Spain,&#8217; in\u00a0 J. A. Quir\u00f3s Castillo (ed.), <em>Demograf\u00eda, Paleopatolog\u00eda y Desigualdad Social en la Edad Media en el Norte Peninsular<\/em>, Bilbao: Universidad del Pais Vasco, 245-262.<\/p>\n<p><a href=\"http:\/\/eprints.whiterose.ac.uk\/81402\/1\/Alexander_et_al._2014_Diet_Society_and_Economy_in_Late_Medieval_Spain_Stable_Isotope_Evidence.pdf\">Alexander, M. Gerrard, C. Guir\u00e9rrez, A. Millard, A. 2015. &#8216;Diet, society, and economy in late medieval Spain: Stable isotope evidence from Muslims and Christians from Gand\u00eda, Valencia&#8217;, <em>American Journal of Physical Anthropology<\/em>, 2\/156: 263-273.<\/a><\/p>\n<p><strong>Medieval frontier archaeology<\/strong><\/p>\n<p><a href=\"https:\/\/www.tandfonline.com\/doi\/abs\/10.1179\/174581711X13103897378564\">Pluskowski, A. G. Gerrard, C. and Boas, A. 2011. \u2018The ecology of crusading: Investigating the environmental impact of holy war and colonisation at the frontiers of medieval Europe\u2019, <em>Medieval Archaeology<\/em> 55:192-225.<\/a>[\/vc_column_text][\/vc_column][\/vc_row]<\/p>\n","protected":false},"excerpt":{"rendered":"<p>[vc_row][vc_column][vc_column_text]Below are publications from our pilot studies and earlier work that are related to the exploration of medieval frontiers in south-western Europe. We will be publishing interim reports and specialist&#8230;<a class=\"read-more\" href=\"&#104;&#116;&#116;&#112;&#115;&#58;&#47;&#47;&#114;&#101;&#115;&#101;&#97;&#114;&#99;&#104;&#46;&#114;&#101;&#97;&#100;&#105;&#110;&#103;&#46;&#97;&#99;&#46;&#117;&#107;&#47;&#114;&#101;&#45;&#99;&#111;&#110;&#113;&#117;&#101;&#115;&#116;&#47;&#115;&#101;&#99;&#116;&#105;&#111;&#110;&#45;&#50;&#47;&#111;&#117;&#114;&#45;&#112;&#117;&#98;&#108;&#105;&#99;&#97;&#116;&#105;&#111;&#110;&#115;&#47;\">Read More ><\/a><\/p>\n","protected":false},"author":166,"featured_media":0,"parent":23,"menu_order":0,"comment_status":"closed","ping_status":"closed","template":"","meta":{"_acf_changed":false,"_monsterinsights_skip_tracking":false,"_monsterinsights_sitenote_active":false,"_monsterinsights_sitenote_note":"","_monsterinsights_sitenote_category":0,"__cvm_playback_settings":[],"__cvm_video_id":"","footnotes":""},"class_list":["post-31","page","type-page","status-publish","hentry"],"acf":[],"yoast_head":"<!-- This site is optimized with the Yoast SEO plugin v21.8.1 - https:\/\/yoast.com\/wordpress\/plugins\/seo\/ -->\n<title>Our Publications - Landscapes of (Re) Conquest<\/title>\n<meta name=\"robots\" content=\"index, follow, max-snippet:-1, max-image-preview:large, max-video-preview:-1\" \/>\n<link rel=\"canonical\" href=\"https:\/\/research.reading.ac.uk\/re-conquest\/section-2\/our-publications\/\" \/>\n<meta property=\"og:locale\" content=\"en_GB\" \/>\n<meta property=\"og:type\" content=\"article\" \/>\n<meta property=\"og:title\" content=\"Our Publications - Landscapes of (Re) Conquest\" \/>\n<meta property=\"og:description\" content=\"[vc_row][vc_column][vc_column_text]Below are publications from our pilot studies and earlier work that are related to the exploration of medieval frontiers in south-western Europe. We will be publishing interim reports and specialist...Read More &gt;\" \/>\n<meta property=\"og:url\" content=\"https:\/\/research.reading.ac.uk\/re-conquest\/section-2\/our-publications\/\" \/>\n<meta property=\"og:site_name\" content=\"Landscapes of (Re) Conquest\" \/>\n<meta property=\"article:publisher\" content=\"https:\/\/www.facebook.com\/groups\/119218554792603\" \/>\n<meta property=\"article:modified_time\" content=\"2021-09-24T08:57:41+00:00\" \/>\n<meta name=\"twitter:card\" content=\"summary_large_image\" \/>\n<meta name=\"twitter:site\" content=\"@lorproject\" \/>\n<meta name=\"twitter:label1\" content=\"Estimated reading time\" \/>\n\t<meta name=\"twitter:data1\" content=\"2 minutes\" \/>\n<script type=\"application\/ld+json\" class=\"yoast-schema-graph\">{\"@context\":\"https:\/\/schema.org\",\"@graph\":[{\"@type\":\"WebPage\",\"@id\":\"https:\/\/research.reading.ac.uk\/re-conquest\/section-2\/our-publications\/\",\"url\":\"https:\/\/research.reading.ac.uk\/re-conquest\/section-2\/our-publications\/\",\"name\":\"Our Publications - Landscapes of (Re) Conquest\",\"isPartOf\":{\"@id\":\"https:\/\/research.reading.ac.uk\/re-conquest\/#website\"},\"datePublished\":\"2018-05-25T08:19:28+00:00\",\"dateModified\":\"2021-09-24T08:57:41+00:00\",\"breadcrumb\":{\"@id\":\"https:\/\/research.reading.ac.uk\/re-conquest\/section-2\/our-publications\/#breadcrumb\"},\"inLanguage\":\"en-GB\",\"potentialAction\":[{\"@type\":\"ReadAction\",\"target\":[\"https:\/\/research.reading.ac.uk\/re-conquest\/section-2\/our-publications\/\"]}]},{\"@type\":\"BreadcrumbList\",\"@id\":\"https:\/\/research.reading.ac.uk\/re-conquest\/section-2\/our-publications\/#breadcrumb\",\"itemListElement\":[{\"@type\":\"ListItem\",\"position\":1,\"name\":\"Home\",\"item\":\"https:\/\/research.reading.ac.uk\/re-conquest\/\"},{\"@type\":\"ListItem\",\"position\":2,\"name\":\"Our Research\",\"item\":\"https:\/\/research.reading.ac.uk\/re-conquest\/section-2\/\"},{\"@type\":\"ListItem\",\"position\":3,\"name\":\"Our Publications\"}]},{\"@type\":\"WebSite\",\"@id\":\"https:\/\/research.reading.ac.uk\/re-conquest\/#website\",\"url\":\"https:\/\/research.reading.ac.uk\/re-conquest\/\",\"name\":\"Landscapes of (Re) Conquest\",\"description\":\"\",\"publisher\":{\"@id\":\"https:\/\/research.reading.ac.uk\/re-conquest\/#organization\"},\"potentialAction\":[{\"@type\":\"SearchAction\",\"target\":{\"@type\":\"EntryPoint\",\"urlTemplate\":\"https:\/\/research.reading.ac.uk\/re-conquest\/?s={search_term_string}\"},\"query-input\":\"required name=search_term_string\"}],\"inLanguage\":\"en-GB\"},{\"@type\":\"Organization\",\"@id\":\"https:\/\/research.reading.ac.uk\/re-conquest\/#organization\",\"name\":\"Landscapes of (Re) Conquest Project\",\"url\":\"https:\/\/research.reading.ac.uk\/re-conquest\/\",\"logo\":{\"@type\":\"ImageObject\",\"inLanguage\":\"en-GB\",\"@id\":\"https:\/\/research.reading.ac.uk\/re-conquest\/#\/schema\/logo\/image\/\",\"url\":\"https:\/\/research.reading.ac.uk\/re-conquest\/wp-content\/uploads\/sites\/89\/Unorganized\/Logo-4-1.gif\",\"contentUrl\":\"https:\/\/research.reading.ac.uk\/re-conquest\/wp-content\/uploads\/sites\/89\/Unorganized\/Logo-4-1.gif\",\"width\":1845,\"height\":1214,\"caption\":\"Landscapes of (Re) Conquest Project\"},\"image\":{\"@id\":\"https:\/\/research.reading.ac.uk\/re-conquest\/#\/schema\/logo\/image\/\"},\"sameAs\":[\"https:\/\/www.facebook.com\/groups\/119218554792603\",\"https:\/\/twitter.com\/lorproject\",\"https:\/\/www.instagram.com\/lorproject\/\"]}]}<\/script>\n<!-- \/ Yoast SEO plugin. -->","yoast_head_json":{"title":"Our Publications - Landscapes of (Re) Conquest","robots":{"index":"index","follow":"follow","max-snippet":"max-snippet:-1","max-image-preview":"max-image-preview:large","max-video-preview":"max-video-preview:-1"},"canonical":"https:\/\/research.reading.ac.uk\/re-conquest\/section-2\/our-publications\/","og_locale":"en_GB","og_type":"article","og_title":"Our Publications - Landscapes of (Re) Conquest","og_description":"[vc_row][vc_column][vc_column_text]Below are publications from our pilot studies and earlier work that are related to the exploration of medieval frontiers in south-western Europe. We will be publishing interim reports and specialist...Read More >","og_url":"https:\/\/research.reading.ac.uk\/re-conquest\/section-2\/our-publications\/","og_site_name":"Landscapes of (Re) Conquest","article_publisher":"https:\/\/www.facebook.com\/groups\/119218554792603","article_modified_time":"2021-09-24T08:57:41+00:00","twitter_card":"summary_large_image","twitter_site":"@lorproject","twitter_misc":{"Estimated reading time":"2 minutes"},"schema":{"@context":"https:\/\/schema.org","@graph":[{"@type":"WebPage","@id":"https:\/\/research.reading.ac.uk\/re-conquest\/section-2\/our-publications\/","url":"https:\/\/research.reading.ac.uk\/re-conquest\/section-2\/our-publications\/","name":"Our Publications - Landscapes of (Re) Conquest","isPartOf":{"@id":"https:\/\/research.reading.ac.uk\/re-conquest\/#website"},"datePublished":"2018-05-25T08:19:28+00:00","dateModified":"2021-09-24T08:57:41+00:00","breadcrumb":{"@id":"https:\/\/research.reading.ac.uk\/re-conquest\/section-2\/our-publications\/#breadcrumb"},"inLanguage":"en-GB","potentialAction":[{"@type":"ReadAction","target":["https:\/\/research.reading.ac.uk\/re-conquest\/section-2\/our-publications\/"]}]},{"@type":"BreadcrumbList","@id":"https:\/\/research.reading.ac.uk\/re-conquest\/section-2\/our-publications\/#breadcrumb","itemListElement":[{"@type":"ListItem","position":1,"name":"Home","item":"https:\/\/research.reading.ac.uk\/re-conquest\/"},{"@type":"ListItem","position":2,"name":"Our Research","item":"https:\/\/research.reading.ac.uk\/re-conquest\/section-2\/"},{"@type":"ListItem","position":3,"name":"Our Publications"}]},{"@type":"WebSite","@id":"https:\/\/research.reading.ac.uk\/re-conquest\/#website","url":"https:\/\/research.reading.ac.uk\/re-conquest\/","name":"Landscapes of (Re) Conquest","description":"","publisher":{"@id":"https:\/\/research.reading.ac.uk\/re-conquest\/#organization"},"potentialAction":[{"@type":"SearchAction","target":{"@type":"EntryPoint","urlTemplate":"https:\/\/research.reading.ac.uk\/re-conquest\/?s={search_term_string}"},"query-input":"required name=search_term_string"}],"inLanguage":"en-GB"},{"@type":"Organization","@id":"https:\/\/research.reading.ac.uk\/re-conquest\/#organization","name":"Landscapes of (Re) Conquest Project","url":"https:\/\/research.reading.ac.uk\/re-conquest\/","logo":{"@type":"ImageObject","inLanguage":"en-GB","@id":"https:\/\/research.reading.ac.uk\/re-conquest\/#\/schema\/logo\/image\/","url":"https:\/\/research.reading.ac.uk\/re-conquest\/wp-content\/uploads\/sites\/89\/Unorganized\/Logo-4-1.gif","contentUrl":"https:\/\/research.reading.ac.uk\/re-conquest\/wp-content\/uploads\/sites\/89\/Unorganized\/Logo-4-1.gif","width":1845,"height":1214,"caption":"Landscapes of (Re) Conquest Project"},"image":{"@id":"https:\/\/research.reading.ac.uk\/re-conquest\/#\/schema\/logo\/image\/"},"sameAs":["https:\/\/www.facebook.com\/groups\/119218554792603","https:\/\/twitter.com\/lorproject","https:\/\/www.instagram.com\/lorproject\/"]}]}},"_links":{"self":[{"href":"https:\/\/research.reading.ac.uk\/re-conquest\/wp-json\/wp\/v2\/pages\/31","targetHints":{"allow":["GET"]}}],"collection":[{"href":"https:\/\/research.reading.ac.uk\/re-conquest\/wp-json\/wp\/v2\/pages"}],"about":[{"href":"https:\/\/research.reading.ac.uk\/re-conquest\/wp-json\/wp\/v2\/types\/page"}],"author":[{"embeddable":true,"href":"https:\/\/research.reading.ac.uk\/re-conquest\/wp-json\/wp\/v2\/users\/166"}],"replies":[{"embeddable":true,"href":"https:\/\/research.reading.ac.uk\/re-conquest\/wp-json\/wp\/v2\/comments?post=31"}],"version-history":[{"count":8,"href":"https:\/\/research.reading.ac.uk\/re-conquest\/wp-json\/wp\/v2\/pages\/31\/revisions"}],"predecessor-version":[{"id":423,"href":"https:\/\/research.reading.ac.uk\/re-conquest\/wp-json\/wp\/v2\/pages\/31\/revisions\/423"}],"up":[{"embeddable":true,"href":"https:\/\/research.reading.ac.uk\/re-conquest\/wp-json\/wp\/v2\/pages\/23"}],"wp:attachment":[{"href":"https:\/\/research.reading.ac.uk\/re-conquest\/wp-json\/wp\/v2\/media?parent=31"}],"curies":[{"name":"wp","href":"https:\/\/api.w.org\/{rel}","templated":true}]}}